CRAN Package Check Results for Package shinyMergely

Last updated on 2021-12-06 00:48:42 CET.

Flavor Version Tinstall Tcheck Ttotal Status Flags
r-devel-linux-x86_64-debian-clang 0.1.0 3.21 39.87 43.08 NOTE
r-devel-linux-x86_64-debian-gcc 0.1.0 3.16 33.20 36.36 NOTE
r-devel-linux-x86_64-fedora-clang 0.1.0 54.22 NOTE
r-devel-linux-x86_64-fedora-gcc 0.1.0 42.86 NOTE
r-devel-windows-x86_64-new-UL 0.1.0 24.00 75.00 99.00 NOTE
r-devel-windows-x86_64-new-TK 0.1.0 NOTE
r-devel-windows-x86_64-old 0.1.0 9.00 39.00 48.00 NOTE
r-patched-linux-x86_64 0.1.0 3.79 31.08 34.87 NOTE
r-release-linux-x86_64 0.1.0 3.96 39.14 43.10 NOTE
r-release-macos-arm64 0.1.0 NOTE
r-release-macos-x86_64 0.1.0 NOTE
r-release-windows-ix86+x86_64 0.1.0 11.00 55.00 66.00 NOTE
r-oldrel-macos-x86_64 0.1.0 OK
r-oldrel-windows-ix86+x86_64 0.1.0 10.00 59.00 69.00 OK

Check Details

Version: 0.1.0
Check: LazyData
Result: NOTE
     'LazyData' is specified without a 'data' directory
Flavors: r-devel-linux-x86_64-debian-clang, r-devel-linux-x86_64-debian-gcc, r-devel-linux-x86_64-fedora-clang, r-devel-linux-x86_64-fedora-gcc, r-devel-windows-x86_64-new-UL, r-devel-windows-x86_64-new-TK, r-devel-windows-x86_64-old, r-patched-linux-x86_64, r-release-linux-x86_64, r-release-macos-arm64, r-release-macos-x86_64, r-release-windows-ix86+x86_64