CRAN Package Check Results for Package shinyMolBio

Last updated on 2021-10-26 01:00:06 CEST.

Flavor Version Tinstall Tcheck Ttotal Status Flags
r-devel-linux-x86_64-debian-clang 0.2 7.02 71.11 78.13 NOTE
r-devel-linux-x86_64-debian-gcc 0.2 6.20 53.03 59.23 NOTE
r-devel-linux-x86_64-fedora-clang 0.2 103.22 NOTE
r-devel-linux-x86_64-fedora-gcc 0.2 89.99 NOTE
r-devel-windows-x86_64 0.2 14.00 71.00 85.00 NOTE
r-devel-windows-x86_64-gcc10-UCRT 0.2 NOTE
r-patched-linux-x86_64 0.2 7.71 67.93 75.64 NOTE
r-patched-solaris-x86 0.2 137.10 NOTE
r-release-linux-x86_64 0.2 8.46 67.24 75.70 NOTE
r-release-macos-arm64 0.2 NOTE
r-release-macos-x86_64 0.2 NOTE
r-release-windows-ix86+x86_64 0.2 16.00 96.00 112.00 NOTE
r-oldrel-macos-x86_64 0.2 OK
r-oldrel-windows-ix86+x86_64 0.2 21.00 98.00 119.00 OK

Check Details

Version: 0.2
Check: LazyData
Result: NOTE
     'LazyData' is specified without a 'data' directory
Flavors: r-devel-linux-x86_64-debian-clang, r-devel-linux-x86_64-debian-gcc, r-devel-linux-x86_64-fedora-clang, r-devel-linux-x86_64-fedora-gcc, r-devel-windows-x86_64, r-devel-windows-x86_64-gcc10-UCRT, r-patched-linux-x86_64, r-patched-solaris-x86, r-release-linux-x86_64, r-release-macos-arm64, r-release-macos-x86_64, r-release-windows-ix86+x86_64