CRAN Package Check Results for Package shinyaframe

Last updated on 2024-06-25 00:58:15 CEST.

Flavor Version Tinstall Tcheck Ttotal Status Flags
r-devel-linux-x86_64-debian-clang 1.0.1 2.48 27.06 29.54 NOTE
r-devel-linux-x86_64-debian-gcc 1.0.1 1.87 21.62 23.49 NOTE
r-devel-linux-x86_64-fedora-clang 1.0.1 39.38 NOTE
r-devel-linux-x86_64-fedora-gcc 1.0.1 49.02 NOTE
r-devel-windows-x86_64 1.0.1 3.00 44.00 47.00 NOTE
r-patched-linux-x86_64 1.0.1 1.79 27.01 28.80 NOTE
r-release-linux-x86_64 1.0.1 2.61 26.69 29.30 NOTE
r-release-macos-arm64 1.0.1 24.00 NOTE
r-release-macos-x86_64 1.0.1 36.00 NOTE
r-release-windows-x86_64 1.0.1 4.00 45.00 49.00 NOTE
r-oldrel-macos-arm64 1.0.1 30.00 NOTE
r-oldrel-macos-x86_64 1.0.1 33.00 NOTE
r-oldrel-windows-x86_64 1.0.1 4.00 44.00 48.00 NOTE

Check Details

Version: 1.0.1
Check: LazyData
Result: NOTE 'LazyData' is specified without a 'data' directory Flavors: r-devel-linux-x86_64-debian-clang, r-devel-linux-x86_64-debian-gcc, r-devel-linux-x86_64-fedora-clang, r-devel-linux-x86_64-fedora-gcc, r-devel-windows-x86_64, r-patched-linux-x86_64, r-release-linux-x86_64, r-release-macos-arm64, r-release-macos-x86_64, r-release-windows-x86_64, r-oldrel-macos-arm64, r-oldrel-macos-x86_64, r-oldrel-windows-x86_64

Version: 1.0.1
Check: dependencies in R code
Result: NOTE Namespace in Imports field not imported from: ‘shiny’ All declared Imports should be used. Flavors: r-devel-linux-x86_64-fedora-clang, r-devel-linux-x86_64-fedora-gcc