CRAN Package Check Results for Package shinybrms

Last updated on 2021-10-22 00:50:40 CEST.

Flavor Version Tinstall Tcheck Ttotal Status Flags
r-devel-linux-x86_64-debian-clang 1.5.2 2.70 26.68 29.38 OK
r-devel-linux-x86_64-debian-gcc 1.5.2 2.06 21.17 23.23 OK
r-devel-linux-x86_64-fedora-clang 1.5.2 46.60 OK
r-devel-linux-x86_64-fedora-gcc 1.5.2 35.37 OK
r-devel-windows-x86_64 1.5.2 6.00 48.00 54.00 OK
r-devel-windows-x86_64-gcc10-UCRT 1.5.2 ERROR
r-patched-linux-x86_64 1.5.2 2.75 26.33 29.08 OK
r-patched-solaris-x86 1.5.2 59.90 OK
r-release-linux-x86_64 1.5.2 2.52 26.47 28.99 OK
r-release-macos-arm64 1.5.1 NOTE
r-release-macos-x86_64 1.5.2 OK
r-release-windows-ix86+x86_64 1.5.2 8.00 35.00 43.00 OK
r-oldrel-macos-x86_64 1.5.2 OK
r-oldrel-windows-ix86+x86_64 1.5.2 7.00 35.00 42.00 OK

Check Details

Version: 1.5.2
Check: package dependencies
Result: ERROR
    Package required but not available: 'brms'
    
    Packages suggested but not available for checking: 'shinystan', 'rstanarm'
    
    See section 'The DESCRIPTION file' in the 'Writing R Extensions'
    manual.
Flavor: r-devel-windows-x86_64-gcc10-UCRT

Version: 1.5.1
Check: LazyData
Result: NOTE
     'LazyData' is specified without a 'data' directory
Flavor: r-release-macos-arm64