CRAN Package Check Results for Package shinyjqui

Last updated on 2021-10-24 00:51:12 CEST.

Flavor Version Tinstall Tcheck Ttotal Status Flags
r-devel-linux-x86_64-debian-clang 0.4.0 4.21 41.38 45.59 NOTE
r-devel-linux-x86_64-debian-gcc 0.4.0 3.39 32.78 36.17 NOTE
r-devel-linux-x86_64-fedora-clang 0.4.0 65.32 NOTE
r-devel-linux-x86_64-fedora-gcc 0.4.0 54.22 NOTE
r-devel-windows-x86_64 0.4.0 7.00 57.00 64.00 NOTE
r-devel-windows-x86_64-gcc10-UCRT 0.4.0 NOTE
r-patched-linux-x86_64 0.4.0 4.32 42.65 46.97 NOTE
r-patched-solaris-x86 0.4.0 84.90 NOTE
r-release-linux-x86_64 0.4.0 3.97 42.28 46.25 NOTE
r-release-macos-arm64 0.4.0 NOTE
r-release-macos-x86_64 0.4.0 NOTE
r-release-windows-ix86+x86_64 0.4.0 7.00 68.00 75.00 NOTE
r-oldrel-macos-x86_64 0.4.0 OK
r-oldrel-windows-ix86+x86_64 0.4.0 10.00 68.00 78.00 OK

Check Details

Version: 0.4.0
Check: LazyData
Result: NOTE
     'LazyData' is specified without a 'data' directory
Flavors: r-devel-linux-x86_64-debian-clang, r-devel-linux-x86_64-debian-gcc, r-devel-linux-x86_64-fedora-clang, r-devel-linux-x86_64-fedora-gcc, r-devel-windows-x86_64, r-devel-windows-x86_64-gcc10-UCRT, r-patched-linux-x86_64, r-patched-solaris-x86, r-release-linux-x86_64, r-release-macos-arm64, r-release-macos-x86_64, r-release-windows-ix86+x86_64