CRAN Package Check Results for Package shinylogs

Last updated on 2021-10-27 00:51:19 CEST.

Flavor Version Tinstall Tcheck Ttotal Status Flags
r-devel-linux-x86_64-debian-clang 0.1.7 7.53 69.57 77.10 NOTE
r-devel-linux-x86_64-debian-gcc 0.1.7 6.12 52.21 58.33 NOTE
r-devel-linux-x86_64-fedora-clang 0.1.7 102.99 NOTE
r-devel-linux-x86_64-fedora-gcc 0.1.7 88.06 NOTE
r-devel-windows-x86_64 0.1.7 13.00 76.00 89.00 NOTE
r-devel-windows-x86_64-gcc10-UCRT 0.1.7 NOTE
r-patched-linux-x86_64 0.1.7 5.69 66.53 72.22 NOTE
r-patched-solaris-x86 0.1.7 128.30 NOTE
r-release-linux-x86_64 0.1.7 7.62 65.76 73.38 NOTE
r-release-macos-arm64 0.1.7 NOTE
r-release-macos-x86_64 0.1.7 NOTE
r-release-windows-ix86+x86_64 0.1.7 15.00 94.00 109.00 NOTE
r-oldrel-macos-x86_64 0.1.7 OK
r-oldrel-windows-ix86+x86_64 0.1.7 18.00 93.00 111.00 OK

Check Details

Version: 0.1.7
Check: LazyData
Result: NOTE
     'LazyData' is specified without a 'data' directory
Flavors: r-devel-linux-x86_64-debian-clang, r-devel-linux-x86_64-debian-gcc, r-devel-linux-x86_64-fedora-clang, r-devel-linux-x86_64-fedora-gcc, r-devel-windows-x86_64, r-devel-windows-x86_64-gcc10-UCRT, r-patched-linux-x86_64, r-patched-solaris-x86, r-release-linux-x86_64, r-release-macos-arm64, r-release-macos-x86_64, r-release-windows-ix86+x86_64