CRAN Package Check Results for Package shinypanel

Last updated on 2022-01-24 00:47:48 CET.

Flavor Version Tinstall Tcheck Ttotal Status Flags
r-devel-linux-x86_64-debian-clang 0.1.4 3.40 42.46 45.86 NOTE
r-devel-linux-x86_64-debian-gcc 0.1.4 3.01 35.42 38.43 NOTE
r-devel-linux-x86_64-fedora-clang 0.1.4 56.48 NOTE
r-devel-linux-x86_64-fedora-gcc 0.1.4 44.41 NOTE
r-devel-windows-x86_64-new-UL 0.1.4 20.00 68.00 88.00 NOTE
r-devel-windows-x86_64-new-TK 0.1.4 NOTE
r-patched-linux-x86_64 0.1.4 2.86 40.40 43.26 NOTE
r-release-linux-x86_64 0.1.4 2.49 40.28 42.77 NOTE
r-release-macos-arm64 0.1.4 NOTE
r-release-macos-x86_64 0.1.4 NOTE
r-release-windows-ix86+x86_64 0.1.4 9.00 57.00 66.00 NOTE
r-oldrel-macos-x86_64 0.1.4 OK
r-oldrel-windows-ix86+x86_64 0.1.4 9.00 52.00 61.00 OK

Check Details

Version: 0.1.4
Check: LazyData
Result: NOTE
     'LazyData' is specified without a 'data' directory
Flavors: r-devel-linux-x86_64-debian-clang, r-devel-linux-x86_64-debian-gcc, r-devel-linux-x86_64-fedora-clang, r-devel-linux-x86_64-fedora-gcc, r-devel-windows-x86_64-new-UL, r-devel-windows-x86_64-new-TK, r-patched-linux-x86_64, r-release-linux-x86_64, r-release-macos-arm64, r-release-macos-x86_64, r-release-windows-ix86+x86_64