CRAN Package Check Results for Package shinyrecipes

Last updated on 2021-10-27 00:51:19 CEST.

Flavor Version Tinstall Tcheck Ttotal Status Flags
r-devel-linux-x86_64-debian-clang 0.1.0 15.33 125.30 140.63 NOTE
r-devel-linux-x86_64-debian-gcc 0.1.0 12.97 94.71 107.68 NOTE
r-devel-linux-x86_64-fedora-clang 0.1.0 176.37 NOTE
r-devel-linux-x86_64-fedora-gcc 0.1.0 166.41 NOTE
r-devel-windows-x86_64 0.1.0 26.00 115.00 141.00 NOTE
r-devel-windows-x86_64-gcc10-UCRT 0.1.0 NOTE
r-patched-linux-x86_64 0.1.0 14.08 119.11 133.19 NOTE
r-patched-solaris-x86 0.1.0 242.90 NOTE
r-release-linux-x86_64 0.1.0 15.35 119.60 134.95 NOTE
r-release-macos-arm64 0.1.0 NOTE
r-release-macos-x86_64 0.1.0 NOTE
r-release-windows-ix86+x86_64 0.1.0 27.00 149.00 176.00 NOTE
r-oldrel-macos-x86_64 0.1.0 OK
r-oldrel-windows-ix86+x86_64 0.1.0 42.00 151.00 193.00 OK

Check Details

Version: 0.1.0
Check: LazyData
Result: NOTE
     'LazyData' is specified without a 'data' directory
Flavors: r-devel-linux-x86_64-debian-clang, r-devel-linux-x86_64-debian-gcc, r-devel-linux-x86_64-fedora-clang, r-devel-linux-x86_64-fedora-gcc, r-devel-windows-x86_64, r-devel-windows-x86_64-gcc10-UCRT, r-patched-linux-x86_64, r-patched-solaris-x86, r-release-linux-x86_64, r-release-macos-arm64, r-release-macos-x86_64, r-release-windows-ix86+x86_64