CRAN Package Check Results for Package shinyreforms

Last updated on 2021-10-16 00:49:30 CEST.

Flavor Version Tinstall Tcheck Ttotal Status Flags
r-devel-linux-x86_64-debian-clang 0.0.1 4.51 36.99 41.50 NOTE
r-devel-linux-x86_64-debian-gcc 0.0.1 4.03 29.27 33.30 NOTE
r-devel-linux-x86_64-fedora-clang 0.0.1 61.54 NOTE
r-devel-linux-x86_64-fedora-gcc 0.0.1 50.84 NOTE
r-devel-windows-x86_64 0.0.1 8.00 50.00 58.00 NOTE
r-devel-windows-x86_64-gcc10-UCRT 0.0.1 NOTE
r-patched-linux-x86_64 0.0.1 4.72 36.43 41.15 NOTE
r-patched-solaris-x86 0.0.1 77.60 NOTE
r-release-linux-x86_64 0.0.1 4.59 35.97 40.56 NOTE
r-release-macos-arm64 0.0.1 NOTE
r-release-macos-x86_64 0.0.1 NOTE
r-release-windows-ix86+x86_64 0.0.1 13.00 59.00 72.00 NOTE
r-oldrel-macos-x86_64 0.0.1 OK
r-oldrel-windows-ix86+x86_64 0.0.1 13.00 61.00 74.00 OK

Check Details

Version: 0.0.1
Check: LazyData
Result: NOTE
     'LazyData' is specified without a 'data' directory
Flavors: r-devel-linux-x86_64-debian-clang, r-devel-linux-x86_64-debian-gcc, r-devel-linux-x86_64-fedora-clang, r-devel-linux-x86_64-fedora-gcc, r-devel-windows-x86_64, r-devel-windows-x86_64-gcc10-UCRT, r-patched-linux-x86_64, r-patched-solaris-x86, r-release-linux-x86_64, r-release-macos-arm64, r-release-macos-x86_64, r-release-windows-ix86+x86_64