CRAN Package Check Results for Package showimage

Last updated on 2022-01-24 00:47:48 CET.

Flavor Version Tinstall Tcheck Ttotal Status Flags
r-devel-linux-x86_64-debian-clang 1.0.0 1.57 30.60 32.17 NOTE
r-devel-linux-x86_64-debian-gcc 1.0.0 1.00 26.36 27.36 NOTE
r-devel-linux-x86_64-fedora-clang 1.0.0 40.82 NOTE
r-devel-linux-x86_64-fedora-gcc 1.0.0 29.57 NOTE
r-devel-windows-x86_64-new-UL 1.0.0 15.00 50.00 65.00 NOTE
r-devel-windows-x86_64-new-TK 1.0.0 NOTE
r-patched-linux-x86_64 1.0.0 1.71 30.09 31.80 NOTE
r-release-linux-x86_64 1.0.0 1.67 29.46 31.13 NOTE
r-release-macos-arm64 1.0.0 NOTE
r-release-macos-x86_64 1.0.0 NOTE
r-release-windows-ix86+x86_64 1.0.0 5.00 39.00 44.00 NOTE
r-oldrel-macos-x86_64 1.0.0 OK
r-oldrel-windows-ix86+x86_64 1.0.0 5.00 37.00 42.00 OK

Check Details

Version: 1.0.0
Check: LazyData
Result: NOTE
     'LazyData' is specified without a 'data' directory
Flavors: r-devel-linux-x86_64-debian-clang, r-devel-linux-x86_64-debian-gcc, r-devel-linux-x86_64-fedora-clang, r-devel-linux-x86_64-fedora-gcc, r-devel-windows-x86_64-new-UL, r-devel-windows-x86_64-new-TK, r-patched-linux-x86_64, r-release-linux-x86_64, r-release-macos-arm64, r-release-macos-x86_64, r-release-windows-ix86+x86_64