CRAN Package Check Results for Package sigQC

Last updated on 2024-07-24 00:54:03 CEST.

Flavor Version Tinstall Tcheck Ttotal Status Flags
r-devel-linux-x86_64-debian-clang 0.1.23 5.96 64.12 70.08 OK
r-devel-linux-x86_64-debian-gcc 0.1.23 5.52 47.37 52.89 OK
r-devel-linux-x86_64-fedora-clang 0.1.23 90.04 NOTE
r-devel-linux-x86_64-fedora-gcc 0.1.23 97.44 NOTE
r-devel-windows-x86_64 0.1.23 11.00 67.00 78.00 OK
r-patched-linux-x86_64 0.1.23 5.62 60.79 66.41 OK
r-release-linux-x86_64 0.1.23 4.46 60.82 65.28 OK
r-release-macos-arm64 0.1.23 34.00 OK
r-release-macos-x86_64 0.1.23 55.00 OK
r-release-windows-x86_64 0.1.23 8.00 66.00 74.00 OK
r-oldrel-macos-arm64 0.1.23 10.00 ERROR
r-oldrel-macos-x86_64 0.1.23 12.00 ERROR
r-oldrel-windows-x86_64 0.1.23 11.00 72.00 83.00 OK

Check Details

Version: 0.1.23
Check: dependencies in R code
Result: NOTE Namespaces in Imports field not imported from: ‘KernSmooth’ ‘MASS’ ‘class’ ‘cluster’ ‘lattice’ ‘nnet’ All declared Imports should be used. Flavors: r-devel-linux-x86_64-fedora-clang, r-devel-linux-x86_64-fedora-gcc

Version: 0.1.23
Check: package dependencies
Result: ERROR Package required but not available: ‘GSVA’ See section ‘The DESCRIPTION file’ in the ‘Writing R Extensions’ manual. Flavors: r-oldrel-macos-arm64, r-oldrel-macos-x86_64