CRAN Package Check Results for Package sigmajs

Last updated on 2021-10-17 00:48:51 CEST.

Flavor Version Tinstall Tcheck Ttotal Status Flags
r-devel-linux-x86_64-debian-clang 0.1.5 4.65 53.97 58.62 OK
r-devel-linux-x86_64-debian-gcc 0.1.5 3.90 41.30 45.20 OK
r-devel-linux-x86_64-fedora-clang 0.1.5 80.47 NOTE
r-devel-linux-x86_64-fedora-gcc 0.1.5 69.65 NOTE
r-devel-windows-x86_64 0.1.5 7.00 63.00 70.00 OK
r-devel-windows-x86_64-gcc10-UCRT 0.1.5 NOTE
r-patched-linux-x86_64 0.1.5 5.11 51.67 56.78 OK
r-patched-solaris-x86 0.1.5 102.10 NOTE
r-release-linux-x86_64 0.1.5 4.61 51.71 56.32 OK
r-release-macos-arm64 0.1.5 NOTE
r-release-macos-x86_64 0.1.5 NOTE
r-release-windows-ix86+x86_64 0.1.5 11.00 79.00 90.00 OK
r-oldrel-macos-x86_64 0.1.5 NOTE
r-oldrel-windows-ix86+x86_64 0.1.5 12.00 80.00 92.00 OK

Check Details

Version: 0.1.5
Check: data for non-ASCII characters
Result: NOTE
     Note: found 28 marked UTF-8 strings
Flavors: r-devel-linux-x86_64-fedora-clang, r-devel-linux-x86_64-fedora-gcc, r-devel-windows-x86_64-gcc10-UCRT, r-patched-solaris-x86, r-release-macos-arm64, r-release-macos-x86_64, r-oldrel-macos-x86_64