CRAN Package Check Results for Package sigminer

Last updated on 2021-10-19 00:49:32 CEST.

Flavor Version Tinstall Tcheck Ttotal Status Flags
r-devel-linux-x86_64-debian-clang 2.1.0 45.80 257.93 303.73 OK
r-devel-linux-x86_64-debian-gcc 2.1.0 34.12 185.98 220.10 OK
r-devel-linux-x86_64-fedora-clang 2.1.0 375.31 NOTE
r-devel-linux-x86_64-fedora-gcc 2.1.0 350.82 OK
r-devel-windows-x86_64 2.1.0 71.00 268.00 339.00 NOTE
r-devel-windows-x86_64-gcc10-UCRT 2.1.0 OK
r-patched-linux-x86_64 2.1.0 43.98 237.00 280.98 OK
r-patched-solaris-x86 2.1.0 423.00 NOTE
r-release-linux-x86_64 2.1.0 41.63 242.79 284.42 OK
r-release-macos-arm64 2.1.0 NOTE
r-release-macos-x86_64 2.1.0 ERROR
r-release-windows-ix86+x86_64 2.1.0 109.00 457.00 566.00 NOTE
r-oldrel-macos-x86_64 2.1.0 ERROR
r-oldrel-windows-ix86+x86_64 2.1.0 112.00 435.00 547.00 NOTE

Check Details

Version: 2.1.0
Check: installed package size
Result: NOTE
     installed size is 6.0Mb
     sub-directories of 1Mb or more:
     extdata 2.7Mb
Flavors: r-devel-linux-x86_64-fedora-clang, r-devel-windows-x86_64, r-patched-solaris-x86, r-release-macos-arm64, r-release-windows-ix86+x86_64, r-oldrel-windows-ix86+x86_64

Version: 2.1.0
Check: package dependencies
Result: NOTE
    Package suggested but not available for checking: ‘copynumber’
Flavor: r-release-macos-arm64

Version: 2.1.0
Check: package dependencies
Result: ERROR
    Package required but not available: ‘maftools’
    
    Packages suggested but not available for checking:
     'BSgenome.Hsapiens.UCSC.hg19', 'copynumber'
    
    See section ‘The DESCRIPTION file’ in the ‘Writing R Extensions’
    manual.
Flavor: r-release-macos-x86_64

Version: 2.1.0
Check: package dependencies
Result: ERROR
    Package required but not available: ‘maftools’
    
    Package suggested but not available for checking: ‘copynumber’
    
    See section ‘The DESCRIPTION file’ in the ‘Writing R Extensions’
    manual.
Flavor: r-oldrel-macos-x86_64