CRAN Package Check Results for Package simDNAmixtures

Last updated on 2023-09-26 01:06:35 CEST.

Flavor Version Tinstall Tcheck Ttotal Status Flags
r-devel-linux-x86_64-debian-clang 1.0.1 4.57 50.80 55.37 OK
r-devel-linux-x86_64-debian-gcc 1.0.1 3.06 38.09 41.15 OK
r-devel-linux-x86_64-fedora-clang 1.0.1 67.89 NOTE
r-devel-linux-x86_64-fedora-gcc 1.0.1 76.19 NOTE
r-devel-windows-x86_64 1.0.1 6.00 62.00 68.00 OK
r-patched-linux-x86_64 1.0.1 3.44 48.36 51.80 OK
r-release-linux-x86_64 1.0.1 2.78 48.73 51.51 OK
r-release-macos-arm64 1.0.1 33.00 OK
r-release-macos-x86_64 1.0.1 43.00 OK
r-release-windows-x86_64 1.0.1 8.00 68.00 76.00 OK
r-oldrel-macos-arm64 1.0.1 25.00 NOTE
r-oldrel-macos-x86_64 1.0.1 36.00 NOTE
r-oldrel-windows-x86_64 1.0.1 8.00 68.00 76.00 OK

Check Details

Version: 1.0.1
Check: dependencies in R code
Result: NOTE
    Namespaces in Imports field not imported from:
     ‘pedtools’ ‘readr’
     All declared Imports should be used.
Flavors: r-devel-linux-x86_64-fedora-clang, r-devel-linux-x86_64-fedora-gcc, r-oldrel-macos-arm64, r-oldrel-macos-x86_64