Last updated on 2023-10-04 00:58:37 CEST.
Flavor | Version | Tinstall | Tcheck | Ttotal | Status | Flags |
---|---|---|---|---|---|---|
r-devel-linux-x86_64-debian-clang | 0.4 | 13.58 | 95.46 | 109.04 | NOTE | |
r-devel-linux-x86_64-debian-gcc | 0.4 | 10.15 | 73.26 | 83.41 | NOTE | |
r-devel-linux-x86_64-fedora-clang | 0.4 | 130.52 | NOTE | |||
r-devel-linux-x86_64-fedora-gcc | 0.4 | 129.62 | NOTE | |||
r-devel-windows-x86_64 | 0.4 | 16.00 | 89.00 | 105.00 | NOTE | |
r-patched-linux-x86_64 | 0.4 | 15.53 | 92.96 | 108.49 | NOTE | |
r-release-linux-x86_64 | 0.4 | 14.13 | 92.85 | 106.98 | NOTE | |
r-release-macos-arm64 | 0.4 | 45.00 | NOTE | |||
r-release-macos-x86_64 | 0.4 | 69.00 | NOTE | |||
r-release-windows-x86_64 | 0.4 | 16.00 | 104.00 | 120.00 | NOTE | |
r-oldrel-macos-arm64 | 0.4 | 52.00 | NOTE | |||
r-oldrel-macos-x86_64 | 0.4 | 52.00 | NOTE | |||
r-oldrel-windows-x86_64 | 0.4 | 18.00 | 105.00 | 123.00 | NOTE |
Version: 0.4
Check: LazyData
Result: NOTE
'LazyData' is specified without a 'data' directory
Flavors: r-devel-linux-x86_64-debian-clang, r-devel-linux-x86_64-debian-gcc, r-devel-linux-x86_64-fedora-clang, r-devel-linux-x86_64-fedora-gcc, r-devel-windows-x86_64, r-patched-linux-x86_64, r-release-linux-x86_64, r-release-macos-arm64, r-release-macos-x86_64, r-release-windows-x86_64, r-oldrel-macos-arm64, r-oldrel-macos-x86_64, r-oldrel-windows-x86_64