CRAN Package Check Results for Package simfam

Last updated on 2024-06-14 00:53:59 CEST.

Flavor Version Tinstall Tcheck Ttotal Status Flags
r-devel-linux-x86_64-debian-clang 1.1.6 23.88 193.74 217.62 OK
r-devel-linux-x86_64-debian-gcc 1.1.6 0.51 1.81 2.32 ERROR
r-devel-linux-x86_64-fedora-clang 1.1.6 269.92 OK
r-devel-linux-x86_64-fedora-gcc 1.1.6 275.48 OK
r-devel-windows-x86_64 1.1.6 20.00 179.00 199.00 OK
r-patched-linux-x86_64 1.1.6 22.88 189.34 212.22 OK
r-release-linux-x86_64 1.1.6 18.93 185.66 204.59 OK
r-release-macos-arm64 1.1.6 87.00 OK
r-release-macos-x86_64 1.1.6 135.00 OK
r-release-windows-x86_64 1.1.6 20.00 188.00 208.00 OK
r-oldrel-macos-arm64 1.1.6 88.00 OK
r-oldrel-macos-x86_64 1.1.6 157.00 OK
r-oldrel-windows-x86_64 1.1.6 25.00 203.00 228.00 OK

Check Details

Version: 1.1.6
Check: package dependencies
Result: ERROR Package required but not available: ‘tibble’ Package suggested but not available for checking: ‘testthat’ See section ‘The DESCRIPTION file’ in the ‘Writing R Extensions’ manual. Flavor: r-devel-linux-x86_64-debian-gcc