CRAN Package Check Results for Package simglm

Last updated on 2021-10-17 00:48:51 CEST.

Flavor Version Tinstall Tcheck Ttotal Status Flags
r-devel-linux-x86_64-debian-clang 0.8.8 6.87 120.21 127.08 OK
r-devel-linux-x86_64-debian-gcc 0.8.8 5.50 89.09 94.59 OK
r-devel-linux-x86_64-fedora-clang 0.8.8 156.02 NOTE
r-devel-linux-x86_64-fedora-gcc 0.8.8 144.28 NOTE
r-devel-windows-x86_64 0.8.8 21.00 111.00 132.00 OK
r-devel-windows-x86_64-gcc10-UCRT 0.8.8 NOTE
r-patched-linux-x86_64 0.8.8 5.95 114.65 120.60 OK
r-patched-solaris-x86 0.8.8 193.10 NOTE
r-release-linux-x86_64 0.8.8 7.29 114.30 121.59 OK
r-release-macos-arm64 0.8.8 NOTE
r-release-macos-x86_64 0.8.8 NOTE
r-release-windows-ix86+x86_64 0.8.8 15.00 156.00 171.00 OK
r-oldrel-macos-x86_64 0.8.8 NOTE
r-oldrel-windows-ix86+x86_64 0.8.8 15.00 152.00 167.00 OK

Check Details

Version: 0.8.8
Check: dependencies in R code
Result: NOTE
    Namespace in Imports field not imported from: ‘Matrix’
     All declared Imports should be used.
Flavors: r-devel-linux-x86_64-fedora-clang, r-devel-linux-x86_64-fedora-gcc, r-devel-windows-x86_64-gcc10-UCRT, r-patched-solaris-x86, r-release-macos-arm64, r-release-macos-x86_64, r-oldrel-macos-x86_64