Last updated on 2023-05-29 00:59:45 CEST.
Flavor | Version | Tinstall | Tcheck | Ttotal | Status | Flags |
---|---|---|---|---|---|---|
r-devel-linux-x86_64-debian-clang | 0.5.0 | 47.38 | 711.01 | 758.39 | OK | |
r-devel-linux-x86_64-debian-gcc | 0.5.0 | 35.03 | 472.76 | 507.79 | OK | |
r-devel-linux-x86_64-fedora-clang | 0.5.0 | 917.82 | OK | |||
r-devel-linux-x86_64-fedora-gcc | 0.5.0 | 972.46 | OK | |||
r-devel-windows-x86_64 | 0.5.0 | 38.00 | 577.00 | 615.00 | OK | |
r-patched-linux-x86_64 | 0.5.0 | 35.74 | 646.98 | 682.72 | OK | |
r-release-linux-x86_64 | 0.5.0 | 28.64 | 685.85 | 714.49 | OK | |
r-release-macos-arm64 | 0.5.0 | 256.00 | OK | |||
r-release-macos-x86_64 | 0.5.0 | 413.00 | OK | |||
r-release-windows-x86_64 | 0.5.0 | 49.00 | 682.00 | 731.00 | OK | |
r-oldrel-macos-arm64 | 0.5.0 | 255.00 | OK | |||
r-oldrel-macos-x86_64 | 0.5.0 | 310.00 | NOTE | |||
r-oldrel-windows-x86_64 | 0.5.0 | 45.00 | 635.00 | 680.00 | OK |
Version: 0.5.0
Check: installed package size
Result: NOTE
installed size is 5.1Mb
sub-directories of 1Mb or more:
doc 2.3Mb
libs 2.5Mb
Flavor: r-oldrel-macos-x86_64