Last updated on 2023-09-26 01:06:35 CEST.
Flavor | Version | Tinstall | Tcheck | Ttotal | Status | Flags |
---|---|---|---|---|---|---|
r-devel-linux-x86_64-debian-clang | 0.0.5 | 3.76 | 96.37 | 100.13 | OK | |
r-devel-linux-x86_64-debian-gcc | 0.0.5 | 3.17 | 71.30 | 74.47 | OK | |
r-devel-linux-x86_64-fedora-clang | 0.0.5 | 120.97 | NOTE | |||
r-devel-linux-x86_64-fedora-gcc | 0.0.5 | 130.46 | NOTE | |||
r-devel-windows-x86_64 | 0.0.5 | 9.00 | 93.00 | 102.00 | OK | |
r-patched-linux-x86_64 | 0.0.5 | 3.40 | 91.07 | 94.47 | OK | |
r-release-linux-x86_64 | 0.0.5 | 2.98 | 91.36 | 94.34 | OK | |
r-release-macos-arm64 | 0.0.5 | 53.00 | OK | |||
r-release-macos-x86_64 | 0.0.5 | 84.00 | OK | |||
r-release-windows-x86_64 | 0.0.5 | 7.00 | 111.00 | 118.00 | OK | |
r-oldrel-macos-arm64 | 0.0.5 | 42.00 | NOTE | |||
r-oldrel-macos-x86_64 | 0.0.5 | 56.00 | NOTE | |||
r-oldrel-windows-x86_64 | 0.0.5 | 8.00 | 112.00 | 120.00 | OK |
Version: 0.0.5
Check: data for non-ASCII characters
Result: NOTE
Note: found 1 marked UTF-8 string
Flavors: r-devel-linux-x86_64-fedora-clang, r-devel-linux-x86_64-fedora-gcc, r-oldrel-macos-arm64, r-oldrel-macos-x86_64