CRAN Package Check Results for Package simplevis

Last updated on 2021-10-20 00:49:55 CEST.

Flavor Version Tinstall Tcheck Ttotal Status Flags
r-devel-linux-x86_64-debian-clang 4.6.0 16.25 163.59 179.84 OK
r-devel-linux-x86_64-debian-gcc 4.6.0 12.85 119.52 132.37 OK
r-devel-linux-x86_64-fedora-clang 4.6.0 226.58 NOTE
r-devel-linux-x86_64-fedora-gcc 4.6.0 210.82 NOTE
r-devel-windows-x86_64 4.6.0 26.00 171.00 197.00 OK
r-devel-windows-x86_64-gcc10-UCRT 4.5.0 NOTE
r-patched-linux-x86_64 4.6.0 15.79 154.87 170.66 OK
r-patched-solaris-x86 4.6.0 235.40 WARN
r-release-linux-x86_64 4.6.0 16.85 157.40 174.25 OK
r-release-macos-arm64 4.5.0 NOTE
r-release-macos-x86_64 4.6.0 NOTE
r-release-windows-ix86+x86_64 4.6.0 21.00 142.00 163.00 OK
r-oldrel-macos-x86_64 4.6.0 NOTE
r-oldrel-windows-ix86+x86_64 4.6.0 22.00 139.00 161.00 OK

Check Details

Version: 4.6.0
Check: package dependencies
Result: NOTE
    Imports includes 26 non-default packages.
    Importing from so many packages makes the package vulnerable to any of
    them becoming unavailable. Move as many as possible to Suggests and
    use conditionally.
Flavor: r-devel-linux-x86_64-fedora-clang

Version: 4.6.0
Check: dependencies in R code
Result: NOTE
    Namespaces in Imports field not imported from:
     ‘DT’ ‘readr’ ‘shinycssloaders’ ‘tibble’
     All declared Imports should be used.
Flavors: r-devel-linux-x86_64-fedora-clang, r-devel-linux-x86_64-fedora-gcc, r-patched-solaris-x86, r-release-macos-x86_64, r-oldrel-macos-x86_64

Version: 4.5.0
Check: dependencies in R code
Result: NOTE
    Namespaces in Imports field not imported from:
     'DT' 'jsonlite' 'readr' 'shinycssloaders' 'tibble'
     All declared Imports should be used.
Flavors: r-devel-windows-x86_64-gcc10-UCRT, r-release-macos-arm64

Version: 4.6.0
Check: re-building of vignette outputs
Result: WARN
    Error(s) in re-building vignettes:
     ...
    --- re-building ‘simplevis.Rmd’ using rmarkdown
    Pandoc is required to build R Markdown vignettes but not available. Please make sure it is installed.
    
    Attaching package: 'dplyr'
    
    The following objects are masked from 'package:stats':
    
     filter, lag
    
    The following objects are masked from 'package:base':
    
     intersect, setdiff, setequal, union
    
    Warning: Removed 2 rows containing non-finite values (stat_density).
    old-style crs object detected; please recreate object with a recent sf::st_crs()
    `summarise()` has grouped output by 'species'. You can override using the `.groups` argument.
    Warning: Removed 2 rows containing missing values (geom_point).
    Warning: Removed 2 rows containing missing values (geom_point).
    Warning: Removed 2 rows containing missing values (geom_point).
    Warning: Removed 2 rows containing missing values (geom_point).
    Warning: Removed 2 rows containing missing values (geom_point).
    Warning: Removed 2 rows containing missing values (geom_point).
    `summarise()` has grouped output by 'year'. You can override using the `.groups` argument.
    `summarise()` has grouped output by 'sex'. You can override using the `.groups` argument.
    old-style crs object detected; please recreate object with a recent sf::st_crs()
    Quitting from lines 305-307 (simplevis.Rmd)
    Error: processing vignette 'simplevis.Rmd' failed with diagnostics:
    there is no package called 'webshot'
    --- failed re-building ‘simplevis.Rmd’
    
    SUMMARY: processing the following file failed:
     ‘simplevis.Rmd’
    
    Error: Vignette re-building failed.
    Execution halted
Flavor: r-patched-solaris-x86