Last updated on 2023-01-30 00:31:25 CET.
Flavor | Version | Tinstall | Tcheck | Ttotal | Status | Flags |
---|---|---|---|---|---|---|
r-devel-linux-x86_64-debian-clang | 1.3 | 7.08 | 43.25 | 50.33 | OK | |
r-devel-linux-x86_64-debian-gcc | 1.3 | 5.02 | 32.47 | 37.49 | OK | |
r-devel-linux-x86_64-fedora-clang | 1.3 | 60.07 | NOTE | |||
r-devel-linux-x86_64-fedora-gcc | 1.3 | 58.86 | NOTE | |||
r-devel-windows-x86_64 | 1.3 | 39.00 | 80.00 | 119.00 | OK | |
r-patched-linux-x86_64 | 1.3 | 6.84 | 40.92 | 47.76 | OK | |
r-release-linux-x86_64 | 1.3 | 5.11 | 41.26 | 46.37 | OK | |
r-release-macos-arm64 | 1.3 | 23.00 | OK | |||
r-release-macos-x86_64 | 1.3 | 29.00 | OK | |||
r-release-windows-x86_64 | 1.3 | 12.00 | 73.00 | 85.00 | OK | |
r-oldrel-macos-arm64 | 1.3 | 30.00 | OK | |||
r-oldrel-macos-x86_64 | 1.3 | 41.00 | OK | |||
r-oldrel-windows-ix86+x86_64 | 1.3 | 13.00 | 60.00 | 73.00 | OK |
Version: 1.3
Check: compiled code
Result: NOTE
File ‘simplexreg/libs/simplexreg.so’:
Found no calls to: ‘R_registerRoutines’, ‘R_useDynamicSymbols’
It is good practice to register native routines and to disable symbol
search.
See ‘Writing portable packages’ in the ‘Writing R Extensions’ manual.
Flavors: r-devel-linux-x86_64-fedora-clang, r-devel-linux-x86_64-fedora-gcc