CRAN Package Check Results for Package simsalapar

Last updated on 2021-10-27 00:51:19 CEST.

Flavor Version Tinstall Tcheck Ttotal Status Flags
r-devel-linux-x86_64-debian-clang 1.0-10 7.07 82.60 89.67 NOTE
r-devel-linux-x86_64-debian-gcc 1.0-10 5.28 63.70 68.98 NOTE
r-devel-linux-x86_64-fedora-clang 1.0-10 117.93 NOTE
r-devel-linux-x86_64-fedora-gcc 1.0-10 110.78 NOTE
r-devel-windows-x86_64 1.0-10 13.00 103.00 116.00 OK
r-devel-windows-x86_64-gcc10-UCRT 1.0-10 OK
r-patched-linux-x86_64 1.0-10 8.67 80.47 89.14 NOTE
r-patched-solaris-x86 1.0-10 311.00 NOTE
r-release-linux-x86_64 1.0-10 5.09 79.72 84.81 NOTE
r-release-macos-arm64 1.0-10 NOTE
r-release-macos-x86_64 1.0-10 NOTE
r-release-windows-ix86+x86_64 1.0-10 10.00 138.00 148.00 OK
r-oldrel-macos-x86_64 1.0-10 NOTE
r-oldrel-windows-ix86+x86_64 1.0-10 13.00 128.00 141.00 OK

Check Details

Version: 1.0-10
Check: for non-standard things in the check directory
Result: NOTE
    Found the following files/directories:
     'crop_device.pdf'
Flavors: r-devel-linux-x86_64-debian-clang, r-devel-linux-x86_64-debian-gcc, r-devel-linux-x86_64-fedora-clang, r-devel-linux-x86_64-fedora-gcc, r-patched-linux-x86_64, r-patched-solaris-x86, r-release-linux-x86_64

Version: 1.0-10
Check: package dependencies
Result: NOTE
    Package suggested but not available for checking: ‘Rmpi’
Flavors: r-release-macos-arm64, r-release-macos-x86_64, r-oldrel-macos-x86_64

Version: 1.0-10
Check: Rd cross-references
Result: NOTE
    Package unavailable to check Rd xrefs: ‘Rmpi’
Flavors: r-release-macos-arm64, r-release-macos-x86_64, r-oldrel-macos-x86_64