CRAN Package Check Results for Package simstudy

Last updated on 2021-10-20 00:49:55 CEST.

Flavor Version Tinstall Tcheck Ttotal Status Flags
r-devel-linux-x86_64-debian-clang 0.2.1 23.32 120.93 144.25 NOTE
r-devel-linux-x86_64-debian-gcc 0.2.1 16.97 82.80 99.77 NOTE
r-devel-linux-x86_64-fedora-clang 0.2.1 173.67 NOTE
r-devel-linux-x86_64-fedora-gcc 0.2.1 154.99 NOTE
r-devel-windows-x86_64 0.2.1 32.00 137.00 169.00 NOTE
r-devel-windows-x86_64-gcc10-UCRT 0.2.1 NOTE
r-patched-linux-x86_64 0.2.1 19.17 136.95 156.12 NOTE
r-patched-solaris-x86 0.2.1 233.00 NOTE
r-release-linux-x86_64 0.2.1 20.15 139.61 159.76 NOTE
r-release-macos-arm64 0.2.1 NOTE
r-release-macos-x86_64 0.2.1 NOTE
r-release-windows-ix86+x86_64 0.2.1 38.00 154.00 192.00 NOTE
r-oldrel-macos-x86_64 0.2.1 OK
r-oldrel-windows-ix86+x86_64 0.2.1 56.00 219.00 275.00 OK

Check Details

Version: 0.2.1
Check: LazyData
Result: NOTE
     'LazyData' is specified without a 'data' directory
Flavors: r-devel-linux-x86_64-debian-clang, r-devel-linux-x86_64-debian-gcc, r-devel-linux-x86_64-fedora-clang, r-devel-linux-x86_64-fedora-gcc, r-devel-windows-x86_64, r-devel-windows-x86_64-gcc10-UCRT, r-patched-linux-x86_64, r-patched-solaris-x86, r-release-linux-x86_64, r-release-macos-arm64, r-release-macos-x86_64, r-release-windows-ix86+x86_64