Last updated on 2025-04-30 00:50:01 CEST.
Flavor | Version | Tinstall | Tcheck | Ttotal | Status | Flags |
---|---|---|---|---|---|---|
r-devel-linux-x86_64-debian-clang | 2.5.1 | 31.25 | 283.14 | 314.39 | NOTE | |
r-devel-linux-x86_64-debian-gcc | 2.5.1 | 19.34 | 182.81 | 202.15 | NOTE | |
r-devel-linux-x86_64-fedora-clang | 2.5.1 | 482.03 | OK | |||
r-devel-linux-x86_64-fedora-gcc | 2.5.1 | 451.28 | OK | |||
r-devel-windows-x86_64 | 2.5.1 | 28.00 | 222.00 | 250.00 | NOTE | |
r-patched-linux-x86_64 | 2.5.1 | 30.42 | 260.63 | 291.05 | NOTE | |
r-release-linux-x86_64 | 2.5.1 | 27.74 | 262.02 | 289.76 | NOTE | |
r-release-macos-arm64 | 2.5.1 | 108.00 | OK | |||
r-release-macos-x86_64 | 2.5.1 | 240.00 | OK | |||
r-release-windows-x86_64 | 2.5.1 | 29.00 | 220.00 | 249.00 | NOTE | |
r-oldrel-macos-arm64 | 2.5.1 | 100.00 | OK | |||
r-oldrel-macos-x86_64 | 2.5.1 | 178.00 | OK | |||
r-oldrel-windows-x86_64 | 2.5.1 | 35.00 | 295.00 | 330.00 | OK |
Version: 2.5.1
Check: Rd cross-references
Result: NOTE
Found the following Rd file(s) with Rd \link{} targets missing package
anchors:
stat_hollow_contour.Rd: aes, aes_, borders, layer
Please provide package anchors for all Rd \link{} targets not in the
package itself and the base packages.
Flavors: r-devel-linux-x86_64-debian-clang, r-devel-linux-x86_64-debian-gcc, r-devel-windows-x86_64, r-patched-linux-x86_64, r-release-linux-x86_64, r-release-windows-x86_64