CRAN Package Check Results for Package sindyr

Last updated on 2023-06-04 00:54:43 CEST.

Flavor Version Tinstall Tcheck Ttotal Status Flags
r-devel-linux-x86_64-debian-clang 0.2.3 4.53 39.27 43.80 OK
r-devel-linux-x86_64-debian-gcc 0.2.3 2.90 30.73 33.63 OK
r-devel-linux-x86_64-fedora-clang 0.2.3 56.84 NOTE
r-devel-linux-x86_64-fedora-gcc 0.2.3 55.54 NOTE
r-devel-windows-x86_64 0.2.3 6.00 51.00 57.00 OK
r-patched-linux-x86_64 0.2.3 OK
r-release-linux-x86_64 0.2.3 3.99 38.67 42.66 OK
r-release-macos-arm64 0.2.3 24.00 OK
r-release-macos-x86_64 0.2.3 30.00 OK
r-release-windows-x86_64 0.2.3 6.00 56.00 62.00 OK
r-oldrel-macos-arm64 0.2.3 18.00 NOTE
r-oldrel-macos-x86_64 0.2.3 38.00 NOTE
r-oldrel-windows-x86_64 0.2.3 7.00 63.00 70.00 OK

Check Details

Version: 0.2.3
Check: dependencies in R code
Result: NOTE
    Namespaces in Imports field not imported from:
     ‘crqa’ ‘plot3D’
     All declared Imports should be used.
Flavors: r-devel-linux-x86_64-fedora-clang, r-devel-linux-x86_64-fedora-gcc, r-oldrel-macos-arm64, r-oldrel-macos-x86_64