CRAN Package Check Results for Package sirus

Last updated on 2024-06-13 00:55:32 CEST.

Flavor Version Tinstall Tcheck Ttotal Status Flags
r-devel-linux-x86_64-debian-clang 0.3.3 110.15 129.64 239.79 NOTE
r-devel-linux-x86_64-debian-gcc 0.3.3 0.30 1.71 2.01 ERROR
r-devel-linux-x86_64-fedora-clang 0.3.3 351.95 NOTE
r-devel-linux-x86_64-fedora-gcc 0.3.3 338.76 NOTE
r-devel-windows-x86_64 0.3.3 93.00 122.00 215.00 NOTE
r-patched-linux-x86_64 0.3.3 113.37 122.91 236.28 NOTE
r-release-linux-x86_64 0.3.3 103.48 122.11 225.59 NOTE
r-release-macos-arm64 0.3.3 77.00 NOTE
r-release-macos-x86_64 0.3.3 98.00 NOTE
r-release-windows-x86_64 0.3.3 95.00 127.00 222.00 NOTE
r-oldrel-macos-arm64 0.3.3 99.00 NOTE
r-oldrel-macos-x86_64 0.3.3 149.00 NOTE
r-oldrel-windows-x86_64 0.3.3 112.00 160.00 272.00 NOTE

Check Details

Version: 0.3.3
Check: C++ specification
Result: NOTE Specified C++11: please drop specification unless essential Flavors: r-devel-linux-x86_64-debian-clang, r-devel-linux-x86_64-fedora-clang, r-devel-linux-x86_64-fedora-gcc, r-devel-windows-x86_64, r-patched-linux-x86_64, r-release-linux-x86_64, r-release-macos-arm64, r-release-macos-x86_64, r-release-windows-x86_64, r-oldrel-macos-arm64, r-oldrel-macos-x86_64, r-oldrel-windows-x86_64

Version: 0.3.3
Check: package dependencies
Result: ERROR Package required but not available: ‘ggplot2’ Package suggested but not available for checking: ‘testthat’ See section ‘The DESCRIPTION file’ in the ‘Writing R Extensions’ manual. Flavor: r-devel-linux-x86_64-debian-gcc

Version: 0.3.3
Check: installed package size
Result: NOTE installed size is 7.3Mb sub-directories of 1Mb or more: libs 7.0Mb Flavors: r-release-macos-arm64, r-release-macos-x86_64, r-oldrel-macos-arm64, r-oldrel-macos-x86_64