CRAN Package Check Results for Package sitmo

Last updated on 2021-10-24 00:51:12 CEST.

Flavor Version Tinstall Tcheck Ttotal Status Flags
r-devel-linux-x86_64-debian-clang 2.0.2 29.20 56.77 85.97 OK
r-devel-linux-x86_64-debian-gcc 2.0.2 19.01 43.71 62.72 OK
r-devel-linux-x86_64-fedora-clang 2.0.2 129.18 OK
r-devel-linux-x86_64-fedora-gcc 2.0.2 111.84 OK
r-devel-windows-x86_64 2.0.2 41.00 78.00 119.00 OK
r-devel-windows-x86_64-gcc10-UCRT 2.0.2 OK
r-patched-linux-x86_64 2.0.2 24.91 58.62 83.53 OK
r-patched-solaris-x86 2.0.2 87.50 OK
r-release-linux-x86_64 2.0.2 24.55 58.85 83.40 OK
r-release-macos-arm64 2.0.1 NOTE
r-release-macos-x86_64 2.0.2 OK
r-release-windows-ix86+x86_64 2.0.2 61.00 113.00 174.00 OK
r-oldrel-macos-x86_64 2.0.2 OK
r-oldrel-windows-ix86+x86_64 2.0.2 56.00 85.00 141.00 OK

Check Details

Version: 2.0.1
Check: LazyData
Result: NOTE
     'LazyData' is specified without a 'data' directory
Flavor: r-release-macos-arm64