CRAN Package Check Results for Package sjPlot

Last updated on 2023-03-29 00:57:20 CEST.

Flavor Version Tinstall Tcheck Ttotal Status Flags
r-devel-linux-x86_64-debian-clang 2.8.13 27.43 530.52 557.95 OK
r-devel-linux-x86_64-debian-gcc 2.8.13 21.37 337.33 358.70 ERROR
r-devel-linux-x86_64-fedora-clang 2.8.13 712.02 OK
r-devel-linux-x86_64-fedora-gcc 2.8.13 696.29 OK
r-patched-linux-x86_64 2.8.13 28.46 496.49 524.95 OK
r-release-linux-x86_64 2.8.13 20.11 498.34 518.45 OK
r-release-macos-arm64 2.8.13 165.00 OK
r-release-macos-x86_64 2.8.13 241.00 OK
r-release-windows-x86_64 2.8.13 78.00 564.00 642.00 OK
r-oldrel-macos-arm64 2.8.13 219.00 OK
r-oldrel-macos-x86_64 2.8.13 270.00 OK
r-oldrel-windows-ix86+x86_64 2.8.13 53.00 549.00 602.00 OK

Additional issues

MKL

Check Details

Version: 2.8.13
Check: re-building of vignette outputs
Result: ERROR
    Error(s) in re-building vignettes:
     ...
    --- re-building ‘blackwhitefigures.Rmd’ using rmarkdown
    --- finished re-building ‘blackwhitefigures.Rmd’
    
    --- re-building ‘custplot.Rmd’ using rmarkdown
    --- finished re-building ‘custplot.Rmd’
    
    --- re-building ‘plot_interactions.Rmd’ using rmarkdown
    --- finished re-building ‘plot_interactions.Rmd’
    
    --- re-building ‘plot_likert_scales.Rmd’ using rmarkdown
    --- finished re-building ‘plot_likert_scales.Rmd’
    
    --- re-building ‘plot_marginal_effects.Rmd’ using rmarkdown
    --- finished re-building ‘plot_marginal_effects.Rmd’
    
    --- re-building ‘plot_model_estimates.Rmd’ using rmarkdown
    --- finished re-building ‘plot_model_estimates.Rmd’
    
    --- re-building ‘sjtitemanalysis.Rmd’ using rmarkdown
    --- finished re-building ‘sjtitemanalysis.Rmd’
    
    --- re-building ‘tab_bayes.Rmd’ using rmarkdown
    Quitting from lines 36-63 (tab_bayes.Rmd)
    Error: processing vignette ‘tab_bayes.Rmd’ failed with diagnostics:
    Service Unavailable (HTTP 503).
    --- failed re-building ‘tab_bayes.Rmd’
    
    --- re-building ‘tab_mixed.Rmd’ using rmarkdown
    --- finished re-building ‘tab_mixed.Rmd’
    
    --- re-building ‘tab_model_estimates.Rmd’ using rmarkdown
    --- finished re-building ‘tab_model_estimates.Rmd’
    
    --- re-building ‘tab_model_robust.Rmd’ using rmarkdown
    --- finished re-building ‘tab_model_robust.Rmd’
    
    --- re-building ‘table_css.Rmd’ using rmarkdown
    --- finished re-building ‘table_css.Rmd’
    
    SUMMARY: processing the following file failed:
     ‘tab_bayes.Rmd’
    
    Error: Vignette re-building failed.
    Execution halted
Flavor: r-devel-linux-x86_64-debian-gcc