CRAN Package Check Results for Package sketch

Last updated on 2021-10-17 00:48:51 CEST.

Flavor Version Tinstall Tcheck Ttotal Status Flags
r-devel-linux-x86_64-debian-clang 1.1.17 5.36 45.46 50.82 OK
r-devel-linux-x86_64-debian-gcc 1.1.17 4.65 35.15 39.80 OK
r-devel-linux-x86_64-fedora-clang 1.1.17 72.26 OK
r-devel-linux-x86_64-fedora-gcc 1.1.17 60.93 OK
r-devel-windows-x86_64 1.1.17 9.00 51.00 60.00 OK
r-devel-windows-x86_64-gcc10-UCRT 1.1.17 OK
r-patched-linux-x86_64 1.1.17 7.21 44.12 51.33 OK
r-patched-solaris-x86 1.1.17 86.80 OK
r-release-linux-x86_64 1.1.17 5.13 43.73 48.86 OK
r-release-macos-arm64 1.0.3 NOTE
r-release-macos-x86_64 1.1.17 OK
r-release-windows-ix86+x86_64 1.1.17 8.00 65.00 73.00 OK
r-oldrel-macos-x86_64 1.1.17 OK
r-oldrel-windows-ix86+x86_64 1.0.3 11.00 75.00 86.00 OK

Check Details

Version: 1.0.3
Check: LazyData
Result: NOTE
     'LazyData' is specified without a 'data' directory
Flavor: r-release-macos-arm64