Last updated on 2023-05-30 00:59:57 CEST.
Flavor | Version | Tinstall | Tcheck | Ttotal | Status | Flags |
---|---|---|---|---|---|---|
r-devel-linux-x86_64-debian-clang | 0.2-15 | 2.86 | 448.23 | 451.09 | NOTE | |
r-devel-linux-x86_64-debian-gcc | 0.2-15 | 2.39 | 311.74 | 314.13 | NOTE | |
r-devel-linux-x86_64-fedora-clang | 0.2-15 | 538.21 | NOTE | |||
r-devel-linux-x86_64-fedora-gcc | 0.2-15 | 502.90 | NOTE | |||
r-devel-windows-x86_64 | 0.2-15 | 4.00 | 327.00 | 331.00 | NOTE | |
r-patched-linux-x86_64 | 0.2-15 | 2.68 | 417.56 | 420.24 | NOTE | |
r-release-linux-x86_64 | 0.2-15 | 3.66 | 423.50 | 427.16 | NOTE | |
r-release-macos-arm64 | 0.2-15 | 169.00 | NOTE | |||
r-release-macos-x86_64 | 0.2-15 | 250.00 | NOTE | |||
r-release-windows-x86_64 | 0.2-15 | 5.00 | 385.00 | 390.00 | NOTE | |
r-oldrel-macos-arm64 | 0.2-15 | 140.00 | NOTE | |||
r-oldrel-macos-x86_64 | 0.2-15 | 141.00 | NOTE | |||
r-oldrel-windows-x86_64 | 0.2-15 | 5.00 | 324.00 | 329.00 | NOTE |
Version: 0.2-15
Check: package dependencies
Result: NOTE
Package which this enhances but not available for checking: ‘kmndirs’
Flavors: r-devel-linux-x86_64-debian-clang, r-devel-linux-x86_64-debian-gcc, r-devel-linux-x86_64-fedora-clang, r-devel-linux-x86_64-fedora-gcc, r-devel-windows-x86_64, r-patched-linux-x86_64, r-release-linux-x86_64, r-release-macos-arm64, r-release-macos-x86_64, r-release-windows-x86_64, r-oldrel-macos-arm64, r-oldrel-macos-x86_64, r-oldrel-windows-x86_64
Version: 0.2-15
Check: dependencies in R code
Result: NOTE
Unavailable namespace imported from by a ‘:::’ call: ‘kmndirs’
See the note in ?`:::` about the use of this operator.
Flavors: r-devel-linux-x86_64-debian-clang, r-devel-linux-x86_64-debian-gcc, r-devel-linux-x86_64-fedora-clang, r-devel-linux-x86_64-fedora-gcc, r-devel-windows-x86_64, r-patched-linux-x86_64, r-release-linux-x86_64, r-release-macos-arm64, r-release-macos-x86_64, r-release-windows-x86_64, r-oldrel-macos-arm64, r-oldrel-macos-x86_64, r-oldrel-windows-x86_64