CRAN Package Check Results for Package skpr

Last updated on 2021-10-25 00:49:26 CEST.

Flavor Version Tinstall Tcheck Ttotal Status Flags
r-devel-linux-x86_64-debian-clang 1.0.0 214.37 197.84 412.21 OK
r-devel-linux-x86_64-debian-gcc 1.0.0 179.30 151.31 330.61 OK
r-devel-linux-x86_64-fedora-clang 1.0.0 587.78 NOTE
r-devel-linux-x86_64-fedora-gcc 1.0.0 563.27 OK
r-devel-windows-x86_64 1.0.0 248.00 185.00 433.00 OK
r-devel-windows-x86_64-gcc10-UCRT 1.0.0 OK
r-patched-linux-x86_64 1.0.0 197.39 198.70 396.09 OK
r-patched-solaris-x86 1.0.0 539.10 OK
r-release-linux-x86_64 1.0.0 199.02 193.52 392.54 OK
r-release-macos-arm64 1.0.0 NOTE
r-release-macos-x86_64 1.0.0 NOTE
r-release-windows-ix86+x86_64 1.0.0 348.00 418.00 766.00 OK
r-oldrel-macos-x86_64 1.0.0 NOTE
r-oldrel-windows-ix86+x86_64 1.0.0 482.00 402.00 884.00 OK

Check Details

Version: 1.0.0
Check: installed package size
Result: NOTE
     installed size is 36.5Mb
     sub-directories of 1Mb or more:
     libs 34.9Mb
Flavors: r-devel-linux-x86_64-fedora-clang, r-release-macos-arm64, r-release-macos-x86_64, r-oldrel-macos-x86_64