Last updated on 2023-05-29 00:59:45 CEST.
Flavor | Version | Tinstall | Tcheck | Ttotal | Status | Flags |
---|---|---|---|---|---|---|
r-devel-linux-x86_64-debian-clang | 2.1-5 | 25.46 | 373.26 | 398.72 | OK | |
r-devel-linux-x86_64-debian-gcc | 2.1-5 | 20.80 | 274.95 | 295.75 | OK | |
r-devel-linux-x86_64-fedora-clang | 2.1-5 | 487.02 | NOTE | |||
r-devel-linux-x86_64-fedora-gcc | 2.1-5 | 482.03 | NOTE | |||
r-devel-windows-x86_64 | 2.1-5 | 25.00 | 296.00 | 321.00 | OK | |
r-patched-linux-x86_64 | 2.1-5 | 33.10 | 349.31 | 382.41 | OK | |
r-release-linux-x86_64 | 2.1-5 | 23.09 | 339.03 | 362.12 | OK | |
r-release-macos-arm64 | 2.1-5 | 146.00 | OK | |||
r-release-macos-x86_64 | 2.1-5 | 217.00 | OK | |||
r-release-windows-x86_64 | 2.1-5 | 34.00 | 377.00 | 411.00 | OK | |
r-oldrel-macos-arm64 | 2.1-5 | 88.00 | NOTE | |||
r-oldrel-macos-x86_64 | 2.1-5 | 179.00 | NOTE | |||
r-oldrel-windows-x86_64 | 2.1-5 | 31.00 | 367.00 | 398.00 | OK |
Version: 2.1-5
Check: data for non-ASCII characters
Result: NOTE
Note: found 15 marked Latin-1 strings
Note: found 2 marked UTF-8 strings
Flavors: r-devel-linux-x86_64-fedora-clang, r-devel-linux-x86_64-fedora-gcc, r-oldrel-macos-arm64, r-oldrel-macos-x86_64