CRAN Package Check Results for Package smallstuff

Last updated on 2023-09-23 00:54:06 CEST.

Flavor Version Tinstall Tcheck Ttotal Status Flags
r-devel-linux-x86_64-debian-clang 1.0.1 4.39 42.31 46.70 NOTE
r-devel-linux-x86_64-debian-gcc 1.0.1 3.16 31.19 34.35 NOTE
r-devel-linux-x86_64-fedora-clang 1.0.1 59.39 NOTE
r-devel-linux-x86_64-fedora-gcc 1.0.1 56.29 NOTE
r-devel-windows-x86_64 1.0.1 5.00 60.00 65.00 NOTE
r-patched-linux-x86_64 1.0.1 4.18 41.20 45.38 OK
r-release-linux-x86_64 1.0.1 2.90 40.06 42.96 OK
r-release-macos-arm64 1.0.1 25.00 OK
r-release-macos-x86_64 1.0.1 30.00 OK
r-release-windows-x86_64 1.0.1 7.00 69.00 76.00 OK
r-oldrel-macos-arm64 1.0.1 21.00 OK
r-oldrel-macos-x86_64 1.0.1 27.00 OK
r-oldrel-windows-x86_64 1.0.1 7.00 67.00 74.00 OK

Check Details

Version: 1.0.1
Check: Rd contents
Result: NOTE
    Auto-generated content requiring editing in Rd object 'smallstuff-package':
     \references: ‘This optional section can contain literature or other refere...’
     \seealso: ‘Optional links to other man pages’
     \examples: ‘\dontrun{ ## Optional simple examples of the most impor...’
Flavors: r-devel-linux-x86_64-debian-clang, r-devel-linux-x86_64-debian-gcc, r-devel-linux-x86_64-fedora-clang, r-devel-linux-x86_64-fedora-gcc, r-devel-windows-x86_64