CRAN Package Check Results for Package smam

Last updated on 2024-06-14 00:53:59 CEST.

Flavor Version Tinstall Tcheck Ttotal Status Flags
r-devel-linux-x86_64-debian-clang 0.7.2 92.92 60.67 153.59 NOTE
r-devel-linux-x86_64-debian-gcc 0.7.2 0.49 1.89 2.38 ERROR
r-devel-linux-x86_64-fedora-clang 0.7.2 222.06 NOTE
r-devel-linux-x86_64-fedora-gcc 0.7.2 249.43 NOTE
r-devel-windows-x86_64 0.7.2 80.00 92.00 172.00 NOTE
r-patched-linux-x86_64 0.7.2 59.84 57.84 117.68 NOTE
r-release-linux-x86_64 0.7.2 59.71 57.47 117.18 NOTE
r-release-macos-arm64 0.7.2 57.00 NOTE
r-release-macos-x86_64 0.7.2 67.00 NOTE
r-release-windows-x86_64 0.7.2 79.00 98.00 177.00 NOTE
r-oldrel-macos-arm64 0.7.2 60.00 NOTE
r-oldrel-macos-x86_64 0.7.2 95.00 NOTE
r-oldrel-windows-x86_64 0.7.2 98.00 111.00 209.00 NOTE

Check Details

Version: 0.7.2
Check: for GNU extensions in Makefiles
Result: NOTE GNU make is a SystemRequirements. Flavors: r-devel-linux-x86_64-debian-clang, r-devel-linux-x86_64-fedora-clang, r-devel-linux-x86_64-fedora-gcc, r-devel-windows-x86_64, r-patched-linux-x86_64, r-release-linux-x86_64, r-release-macos-arm64, r-release-macos-x86_64, r-release-windows-x86_64, r-oldrel-macos-arm64, r-oldrel-macos-x86_64, r-oldrel-windows-x86_64

Version: 0.7.2
Check: package dependencies
Result: ERROR Packages required but not available: 'nloptr', 'EnvStats' See section ‘The DESCRIPTION file’ in the ‘Writing R Extensions’ manual. Flavor: r-devel-linux-x86_64-debian-gcc

Version: 0.7.2
Check: installed package size
Result: NOTE installed size is 5.8Mb sub-directories of 1Mb or more: libs 5.0Mb Flavors: r-release-macos-arm64, r-release-macos-x86_64, r-oldrel-macos-arm64, r-oldrel-macos-x86_64