Last updated on 2023-09-25 00:00:01 CEST.
Flavor | Version | Tinstall | Tcheck | Ttotal | Status | Flags |
---|---|---|---|---|---|---|
r-devel-linux-x86_64-debian-clang | 0.7.0 | 89.04 | 59.46 | 148.50 | NOTE | |
r-devel-linux-x86_64-debian-gcc | 0.7.0 | 65.03 | 44.10 | 109.13 | NOTE | |
r-devel-linux-x86_64-fedora-clang | 0.7.0 | 226.76 | NOTE | |||
r-devel-linux-x86_64-fedora-gcc | 0.7.0 | 238.91 | NOTE | |||
r-devel-windows-x86_64 | 0.7.0 | 76.00 | 99.00 | 175.00 | NOTE | |
r-patched-linux-x86_64 | 0.7.0 | 85.23 | 55.16 | 140.39 | NOTE | |
r-release-linux-x86_64 | 0.7.0 | 77.30 | 57.31 | 134.61 | NOTE | |
r-release-macos-arm64 | 0.7.0 | 61.00 | NOTE | |||
r-release-macos-x86_64 | 0.7.0 | 96.00 | NOTE | |||
r-release-windows-x86_64 | 0.7.0 | 97.00 | 110.00 | 207.00 | NOTE | |
r-oldrel-macos-arm64 | 0.7.0 | 55.00 | NOTE | |||
r-oldrel-macos-x86_64 | 0.7.0 | 82.00 | NOTE | |||
r-oldrel-windows-x86_64 | 0.7.0 | 89.00 | 103.00 | 192.00 | NOTE |
Version: 0.7.0
Check: for GNU extensions in Makefiles
Result: NOTE
GNU make is a SystemRequirements.
Flavors: r-devel-linux-x86_64-debian-clang, r-devel-linux-x86_64-debian-gcc, r-devel-linux-x86_64-fedora-clang, r-devel-linux-x86_64-fedora-gcc, r-devel-windows-x86_64, r-patched-linux-x86_64, r-release-linux-x86_64, r-release-macos-arm64, r-release-macos-x86_64, r-release-windows-x86_64, r-oldrel-macos-arm64, r-oldrel-macos-x86_64, r-oldrel-windows-x86_64
Version: 0.7.0
Check: installed package size
Result: NOTE
installed size is 5.8Mb
sub-directories of 1Mb or more:
libs 5.0Mb
Flavors: r-release-macos-arm64, r-release-macos-x86_64, r-oldrel-macos-arm64, r-oldrel-macos-x86_64