CRAN Package Check Results for Package smam

Last updated on 2021-10-23 00:49:09 CEST.

Flavor Version Tinstall Tcheck Ttotal Status Flags
r-devel-linux-x86_64-debian-clang 0.6.0 82.94 51.33 134.27 NOTE
r-devel-linux-x86_64-debian-gcc 0.6.0 61.02 39.68 100.70 NOTE
r-devel-linux-x86_64-fedora-clang 0.6.0 213.96 NOTE
r-devel-linux-x86_64-fedora-gcc 0.6.0 180.11 NOTE
r-devel-windows-x86_64 0.6.0 109.00 63.00 172.00 NOTE
r-devel-windows-x86_64-gcc10-UCRT 0.6.0 NOTE
r-patched-linux-x86_64 0.6.0 68.44 50.26 118.70 NOTE
r-patched-solaris-x86 0.6.0 180.90 NOTE
r-release-linux-x86_64 0.6.0 70.27 50.08 120.35 NOTE
r-release-macos-arm64 0.6.0 NOTE
r-release-macos-x86_64 0.6.0 NOTE
r-release-windows-ix86+x86_64 0.6.0 148.00 109.00 257.00 NOTE
r-oldrel-macos-x86_64 0.6.0 NOTE
r-oldrel-windows-ix86+x86_64 0.6.0 205.00 106.00 311.00 NOTE

Check Details

Version: 0.6.0
Check: for GNU extensions in Makefiles
Result: NOTE
    GNU make is a SystemRequirements.
Flavors: r-devel-linux-x86_64-debian-clang, r-devel-linux-x86_64-debian-gcc, r-devel-linux-x86_64-fedora-clang, r-devel-linux-x86_64-fedora-gcc, r-devel-windows-x86_64, r-devel-windows-x86_64-gcc10-UCRT, r-patched-linux-x86_64, r-patched-solaris-x86, r-release-linux-x86_64, r-release-macos-arm64, r-release-macos-x86_64, r-release-windows-ix86+x86_64, r-oldrel-macos-x86_64, r-oldrel-windows-ix86+x86_64

Version: 0.6.0
Check: installed package size
Result: NOTE
     installed size is 5.3Mb
     sub-directories of 1Mb or more:
     libs 4.7Mb
Flavors: r-devel-linux-x86_64-fedora-clang, r-release-macos-arm64, r-release-macos-x86_64, r-oldrel-macos-x86_64