Last updated on 2023-05-30 00:59:57 CEST.
Flavor | Version | Tinstall | Tcheck | Ttotal | Status | Flags |
---|---|---|---|---|---|---|
r-devel-linux-x86_64-debian-clang | 1.1.2 | 17.21 | 143.54 | 160.75 | OK | |
r-devel-linux-x86_64-debian-gcc | 1.1.2 | 14.33 | 106.80 | 121.13 | OK | |
r-devel-linux-x86_64-fedora-clang | 1.1.2 | 205.44 | OK | |||
r-devel-linux-x86_64-fedora-gcc | 1.1.2 | 219.91 | OK | |||
r-devel-windows-x86_64 | 1.1.2 | 16.00 | 113.00 | 129.00 | OK | |
r-patched-linux-x86_64 | 1.1.2 | 14.85 | 133.62 | 148.47 | OK | |
r-release-linux-x86_64 | 1.1.2 | 14.04 | 133.78 | 147.82 | OK | |
r-release-macos-arm64 | 1.1.2 | 64.00 | OK | |||
r-release-macos-x86_64 | 1.1.2 | 102.00 | NOTE | |||
r-release-windows-x86_64 | 1.1.2 | 21.00 | 143.00 | 164.00 | OK | |
r-oldrel-macos-arm64 | 1.1.2 | 51.00 | OK | |||
r-oldrel-macos-x86_64 | 1.1.2 | 91.00 | OK | |||
r-oldrel-windows-x86_64 | 1.1.2 | 22.00 | 139.00 | 161.00 | OK |
Version: 1.1.2
Check: package dependencies
Result: NOTE
Package suggested but not available for checking: ‘Kernelheaping’
Flavor: r-release-macos-x86_64
Version: 1.1.2
Check: Rd cross-references
Result: NOTE
Package unavailable to check Rd xrefs: ‘Kernelheaping’
Flavor: r-release-macos-x86_64