Last updated on 2023-12-11 00:49:21 CET.
Flavor | Version | Tinstall | Tcheck | Ttotal | Status | Flags |
---|---|---|---|---|---|---|
r-devel-linux-x86_64-debian-clang | 1.0-3 | 2.65 | 25.27 | 27.92 | NOTE | |
r-devel-linux-x86_64-debian-gcc | 1.0-3 | 2.02 | 19.59 | 21.61 | NOTE | |
r-devel-linux-x86_64-fedora-clang | 1.0-3 | 35.42 | NOTE | |||
r-devel-linux-x86_64-fedora-gcc | 1.0-3 | 35.42 | NOTE | |||
r-devel-windows-x86_64 | 1.0-3 | 3.00 | 47.00 | 50.00 | NOTE | |
r-patched-linux-x86_64 | 1.0-3 | 2.47 | 24.93 | 27.40 | NOTE | |
r-release-linux-x86_64 | 1.0-3 | 1.96 | 25.10 | 27.06 | NOTE | |
r-release-macos-arm64 | 1.0-3 | 18.00 | NOTE | |||
r-release-macos-x86_64 | 1.0-3 | 21.00 | NOTE | |||
r-release-windows-x86_64 | 1.0-3 | 4.00 | 45.00 | 49.00 | NOTE | |
r-oldrel-macos-arm64 | 1.0-3 | 15.00 | OK | |||
r-oldrel-macos-x86_64 | 1.0-3 | 22.00 | OK | |||
r-oldrel-windows-x86_64 | 1.0-3 | 3.00 | 47.00 | 50.00 | OK |
Version: 1.0-3
Check: Rd files
Result: NOTE
checkRd: (-1) hoods2dsmooth.Rd:69: Escaped LaTeX specials: \&
checkRd: (-1) kernel2dmeitsjer.Rd:75: Escaped LaTeX specials: \&
checkRd: (-1) kernel2dsmooth.Rd:42: Escaped LaTeX specials: \&
checkRd: (-1) smoothie-package.Rd:42: Escaped LaTeX specials: \&
Flavors: r-devel-linux-x86_64-debian-clang, r-devel-linux-x86_64-debian-gcc, r-devel-linux-x86_64-fedora-clang, r-devel-linux-x86_64-fedora-gcc, r-devel-windows-x86_64, r-patched-linux-x86_64, r-release-linux-x86_64, r-release-macos-arm64, r-release-macos-x86_64, r-release-windows-x86_64