CRAN Package Check Results for Package smoothr

Last updated on 2021-10-22 00:50:41 CEST.

Flavor Version Tinstall Tcheck Ttotal Status Flags
r-devel-linux-x86_64-debian-clang 0.2.2 21.09 252.20 273.29 OK
r-devel-linux-x86_64-debian-gcc 0.2.2 19.74 187.73 207.47 OK
r-devel-linux-x86_64-fedora-clang 0.2.2 344.24 NOTE
r-devel-linux-x86_64-fedora-gcc 0.2.2 333.38 NOTE
r-devel-windows-x86_64 0.2.2 35.00 230.00 265.00 OK
r-devel-windows-x86_64-gcc10-UCRT 0.2.2 NOTE
r-patched-linux-x86_64 0.2.2 22.34 246.09 268.43 OK
r-patched-solaris-x86 0.2.2 170.60 NOTE
r-release-linux-x86_64 0.2.2 22.70 244.80 267.50 OK
r-release-macos-arm64 0.2.2 NOTE
r-release-macos-x86_64 0.2.2 NOTE
r-release-windows-ix86+x86_64 0.2.2 39.00 193.00 232.00 OK
r-oldrel-macos-x86_64 0.2.2 NOTE
r-oldrel-windows-ix86+x86_64 0.2.2 20.00 147.00 167.00 OK

Check Details

Version: 0.2.2
Check: dependencies in R code
Result: NOTE
    Namespaces in Imports field not imported from:
     ‘methods’ ‘rgeos’
     All declared Imports should be used.
Flavors: r-devel-linux-x86_64-fedora-clang, r-devel-linux-x86_64-fedora-gcc, r-devel-windows-x86_64-gcc10-UCRT, r-patched-solaris-x86, r-release-macos-arm64, r-release-macos-x86_64, r-oldrel-macos-x86_64