CRAN Package Check Results for Package snem

Last updated on 2021-10-28 00:49:00 CEST.

Flavor Version Tinstall Tcheck Ttotal Status Flags
r-devel-linux-x86_64-debian-clang 0.1.1 1.85 21.59 23.44 NOTE
r-devel-linux-x86_64-debian-gcc 0.1.1 1.70 17.04 18.74 NOTE
r-devel-linux-x86_64-fedora-clang 0.1.1 40.41 NOTE
r-devel-linux-x86_64-fedora-gcc 0.1.1 30.26 NOTE
r-devel-windows-x86_64 0.1.1 4.00 31.00 35.00 NOTE
r-devel-windows-x86_64-gcc10-UCRT 0.1.1 NOTE
r-patched-linux-x86_64 0.1.1 2.10 21.03 23.13 NOTE
r-patched-solaris-x86 0.1.1 46.60 NOTE
r-release-linux-x86_64 0.1.1 1.92 21.33 23.25 NOTE
r-release-macos-arm64 0.1.1 NOTE
r-release-macos-x86_64 0.1.1 NOTE
r-release-windows-ix86+x86_64 0.1.1 4.00 36.00 40.00 NOTE
r-oldrel-macos-x86_64 0.1.1 OK
r-oldrel-windows-ix86+x86_64 0.1.1 5.00 38.00 43.00 OK

Check Details

Version: 0.1.1
Check: LazyData
Result: NOTE
     'LazyData' is specified without a 'data' directory
Flavors: r-devel-linux-x86_64-debian-clang, r-devel-linux-x86_64-debian-gcc, r-devel-linux-x86_64-fedora-clang, r-devel-linux-x86_64-fedora-gcc, r-devel-windows-x86_64, r-devel-windows-x86_64-gcc10-UCRT, r-patched-linux-x86_64, r-patched-solaris-x86, r-release-linux-x86_64, r-release-macos-arm64, r-release-macos-x86_64, r-release-windows-ix86+x86_64