CRAN Package Check Results for Package snow

Last updated on 2023-06-09 00:54:35 CEST.

Flavor Version Tinstall Tcheck Ttotal Status Flags
r-devel-linux-x86_64-debian-clang 0.4-4 3.04 26.27 29.31 OK
r-devel-linux-x86_64-debian-gcc 0.4-4 2.00 20.50 22.50 OK
r-devel-linux-x86_64-fedora-clang 0.4-4 37.08 OK
r-devel-linux-x86_64-fedora-gcc 0.4-4 35.91 OK
r-devel-windows-x86_64 0.4-4 4.00 42.00 46.00 OK
r-patched-linux-x86_64 0.4-4 3.20 25.33 28.53 OK
r-release-linux-x86_64 0.4-4 2.47 25.38 27.85 OK
r-release-macos-arm64 0.4-4 16.00 NOTE
r-release-macos-x86_64 0.4-4 22.00 NOTE
r-release-windows-x86_64 0.4-4 3.00 48.00 51.00 OK
r-oldrel-macos-arm64 0.4-4 15.00 NOTE
r-oldrel-macos-x86_64 0.4-4 23.00 NOTE
r-oldrel-windows-x86_64 0.4-4 18.00 55.00 73.00 OK

Check Details

Version: 0.4-4
Check: package dependencies
Result: NOTE
    Package which this enhances but not available for checking: ‘Rmpi’
Flavors: r-release-macos-arm64, r-release-macos-x86_64, r-oldrel-macos-arm64, r-oldrel-macos-x86_64