CRAN Package Check Results for Package soilphysics

Last updated on 2024-02-29 00:55:54 CET.

Flavor Version Tinstall Tcheck Ttotal Status Flags
r-devel-linux-x86_64-debian-clang 5.0 37.79 160.76 198.55 NOTE
r-devel-linux-x86_64-debian-gcc 5.0 29.03 118.02 147.05 NOTE
r-devel-linux-x86_64-fedora-clang 5.0 242.63 NOTE
r-devel-linux-x86_64-fedora-gcc 5.0 218.39 NOTE
r-devel-windows-x86_64 5.0 22.00 126.00 148.00 NOTE
r-patched-linux-x86_64 5.0 24.71 142.25 166.96 NOTE
r-release-linux-x86_64 5.0 18.66 138.22 156.88 NOTE
r-release-macos-arm64 5.0 82.00 NOTE
r-release-macos-x86_64 5.0 158.00 NOTE
r-release-windows-x86_64 5.0 30.00 147.00 177.00 NOTE
r-oldrel-macos-arm64 5.0 122.00 OK
r-oldrel-windows-x86_64 5.0 32.00 149.00 181.00 NOTE

Check Details

Version: 5.0
Check: Rd files
Result: NOTE checkRd: (-1) llwrPTF.Rd:7: Escaped LaTeX specials: \& Flavors: r-devel-linux-x86_64-debian-clang, r-devel-linux-x86_64-debian-gcc, r-devel-linux-x86_64-fedora-clang, r-devel-linux-x86_64-fedora-gcc, r-devel-windows-x86_64, r-patched-linux-x86_64, r-release-linux-x86_64, r-release-macos-arm64, r-release-macos-x86_64, r-release-windows-x86_64

Version: 5.0
Check: installed package size
Result: NOTE installed size is 5.2Mb sub-directories of 1Mb or more: R 3.3Mb doc 1.1Mb Flavors: r-devel-linux-x86_64-fedora-clang, r-devel-windows-x86_64, r-release-macos-arm64, r-release-macos-x86_64, r-release-windows-x86_64, r-oldrel-windows-x86_64