CRAN Package Check Results for Package sokoban

Last updated on 2024-07-21 00:56:30 CEST.

Flavor Version Tinstall Tcheck Ttotal Status Flags
r-devel-linux-x86_64-debian-clang 0.1.0 2.48 22.55 25.03 NOTE
r-devel-linux-x86_64-debian-gcc 0.1.0 2.10 17.17 19.27 NOTE
r-devel-linux-x86_64-fedora-clang 0.1.0 31.82 NOTE
r-devel-linux-x86_64-fedora-gcc 0.1.0 30.02 NOTE
r-devel-windows-x86_64 0.1.0 4.00 36.00 40.00 NOTE
r-patched-linux-x86_64 0.1.0 2.70 21.81 24.51 NOTE
r-release-linux-x86_64 0.1.0 2.79 21.61 24.40 NOTE
r-release-macos-arm64 0.1.0 13.00 NOTE
r-release-macos-x86_64 0.1.0 19.00 NOTE
r-release-windows-x86_64 0.1.0 3.00 35.00 38.00 NOTE
r-oldrel-macos-arm64 0.1.0 14.00 NOTE
r-oldrel-macos-x86_64 0.1.0 18.00 NOTE
r-oldrel-windows-x86_64 0.1.0 4.00 35.00 39.00 NOTE

Check Details

Version: 0.1.0
Check: LazyData
Result: NOTE 'LazyData' is specified without a 'data' directory Flavors: r-devel-linux-x86_64-debian-clang, r-devel-linux-x86_64-debian-gcc, r-devel-linux-x86_64-fedora-clang, r-devel-linux-x86_64-fedora-gcc, r-devel-windows-x86_64, r-patched-linux-x86_64, r-release-linux-x86_64, r-release-macos-arm64, r-release-macos-x86_64, r-release-windows-x86_64, r-oldrel-macos-arm64, r-oldrel-macos-x86_64, r-oldrel-windows-x86_64