Last updated on 2023-10-03 01:05:05 CEST.
Flavor | Version | Tinstall | Tcheck | Ttotal | Status | Flags |
---|---|---|---|---|---|---|
r-devel-linux-x86_64-debian-clang | 0.46 | 10.82 | 83.21 | 94.03 | OK | |
r-devel-linux-x86_64-debian-gcc | 0.46 | 9.86 | 64.19 | 74.05 | OK | |
r-devel-linux-x86_64-fedora-clang | 0.46 | 117.76 | OK | |||
r-devel-linux-x86_64-fedora-gcc | 0.46 | 116.01 | OK | |||
r-devel-windows-x86_64 | 0.46 | 12.00 | 99.00 | 111.00 | OK | |
r-patched-linux-x86_64 | 0.46 | 17.34 | 80.94 | 98.28 | OK | |
r-release-linux-x86_64 | 0.46 | 12.31 | 79.92 | 92.23 | OK | |
r-release-macos-arm64 | 0.46 | 40.00 | OK | |||
r-release-macos-x86_64 | 0.46 | 60.00 | NOTE | |||
r-release-windows-x86_64 | 0.46 | 15.00 | 117.00 | 132.00 | OK | |
r-oldrel-macos-arm64 | 0.46 | 33.00 | OK | |||
r-oldrel-macos-x86_64 | 0.46 | 45.00 | OK | |||
r-oldrel-windows-x86_64 | 0.46 | 17.00 | 109.00 | 126.00 | OK |
Version: 0.46
Check: package dependencies
Result: NOTE
Packages suggested but not available for checking:
'raster', 'rasterVis', 'meteoForecast'
Flavor: r-release-macos-x86_64