Last updated on 2023-03-22 00:52:34 CET.
Flavor | Version | Tinstall | Tcheck | Ttotal | Status | Flags |
---|---|---|---|---|---|---|
r-devel-linux-x86_64-debian-clang | 0.3-5.1 | 5.44 | 27.70 | 33.14 | NOTE | |
r-devel-linux-x86_64-debian-gcc | 0.3-5.1 | 4.07 | 21.47 | 25.54 | NOTE | |
r-devel-linux-x86_64-fedora-clang | 0.3-5.1 | 42.61 | NOTE | |||
r-devel-linux-x86_64-fedora-gcc | 0.3-5.1 | 38.85 | NOTE | |||
r-patched-linux-x86_64 | 0.3-5.1 | 4.72 | 27.20 | 31.92 | OK | |
r-release-linux-x86_64 | 0.3-5.1 | 3.92 | 26.33 | 30.25 | OK | |
r-release-macos-arm64 | 0.3-5.1 | 17.00 | OK | |||
r-release-macos-x86_64 | 0.3-5.1 | 26.00 | OK | |||
r-release-windows-x86_64 | 0.3-5.1 | 11.00 | 63.00 | 74.00 | OK | |
r-oldrel-macos-arm64 | 0.3-5.1 | 27.00 | OK | |||
r-oldrel-macos-x86_64 | 0.3-5.1 | 32.00 | OK | |||
r-oldrel-windows-ix86+x86_64 | 0.3-5.1 | 12.00 | 45.00 | 57.00 | OK |
Version: 0.3-5.1
Check: Rd files
Result: NOTE
checkRd: (-1) plot.som.Rd:27: Escaped LaTeX specials: \_
checkRd: (-1) som.Rd:128: Escaped LaTeX specials: \_
Flavors: r-devel-linux-x86_64-debian-clang, r-devel-linux-x86_64-debian-gcc, r-devel-linux-x86_64-fedora-clang, r-devel-linux-x86_64-fedora-gcc
Version: 0.3-5.1
Check: compiled code
Result: NOTE
File ‘som/libs/som.so’:
Found no calls to: ‘R_registerRoutines’, ‘R_useDynamicSymbols’
It is good practice to register native routines and to disable symbol
search.
See ‘Writing portable packages’ in the ‘Writing R Extensions’ manual.
Flavors: r-devel-linux-x86_64-fedora-clang, r-devel-linux-x86_64-fedora-gcc