Last updated on 2023-03-22 00:52:34 CET.
Flavor | Version | Tinstall | Tcheck | Ttotal | Status | Flags |
---|---|---|---|---|---|---|
r-devel-linux-x86_64-debian-clang | 4.2.0.1 | 104.50 | 189.95 | 294.45 | NOTE | --no-vignettes |
r-devel-linux-x86_64-debian-gcc | 4.2.0.1 | 90.09 | 140.45 | 230.54 | NOTE | --no-vignettes |
r-devel-linux-x86_64-fedora-clang | 4.2.0.1 | 644.98 | NOTE | |||
r-devel-linux-x86_64-fedora-gcc | 4.2.0.1 | 643.63 | NOTE | |||
r-devel-windows-x86_64 | 4.2.0.1 | 128.00 | 212.00 | 340.00 | NOTE | --no-vignettes |
r-patched-linux-x86_64 | 4.2.0.1 | 97.83 | 171.83 | 269.66 | OK | --no-vignettes |
r-release-linux-x86_64 | 4.2.0.1 | 93.89 | 165.12 | 259.01 | OK | --no-vignettes |
r-release-macos-arm64 | 4.2.0.1 | 172.00 | NOTE | |||
r-release-macos-x86_64 | 4.2.0.1 | 213.00 | NOTE | |||
r-release-windows-x86_64 | 4.2.0.1 | 112.00 | 289.00 | 401.00 | NOTE | --no-vignettes |
r-oldrel-macos-arm64 | 4.2.0.1 | 175.00 | NOTE | |||
r-oldrel-macos-x86_64 | 4.2.0.1 | 222.00 | NOTE | |||
r-oldrel-windows-ix86+x86_64 | 4.2.0.1 | 217.00 | 245.00 | 462.00 | NOTE | --no-vignettes |
Version: 4.2.0.1
Flags: --no-vignettes
Check: C++ specification
Result: NOTE
Specified C++11: please drop specification unless essential
Flavors: r-devel-linux-x86_64-debian-clang, r-devel-linux-x86_64-debian-gcc, r-devel-windows-x86_64
Version: 4.2.0.1
Check: C++ specification
Result: NOTE
Specified C++11: please drop specification unless essential
Flavors: r-devel-linux-x86_64-fedora-clang, r-devel-linux-x86_64-fedora-gcc
Version: 4.2.0.1
Check: installed package size
Result: NOTE
installed size is 5.7Mb
sub-directories of 1Mb or more:
data 1.4Mb
doc 2.1Mb
libs 1.1Mb
Flavors: r-devel-linux-x86_64-fedora-clang, r-release-macos-arm64, r-release-macos-x86_64, r-oldrel-macos-arm64, r-oldrel-macos-x86_64
Version: 4.2.0.1
Flags: --no-vignettes
Check: installed package size
Result: NOTE
installed size is 6.3Mb
sub-directories of 1Mb or more:
data 1.3Mb
doc 2.1Mb
libs 1.7Mb
Flavors: r-devel-windows-x86_64, r-release-windows-x86_64, r-oldrel-windows-ix86+x86_64