CRAN Package Check Results for Package sourcetools

Last updated on 2021-11-30 00:51:43 CET.

Flavor Version Tinstall Tcheck Ttotal Status Flags
r-devel-linux-x86_64-debian-clang 0.1.7 4.14 22.25 26.39 NOTE
r-devel-linux-x86_64-debian-gcc 0.1.7 4.54 17.86 22.40 NOTE
r-devel-linux-x86_64-fedora-clang 0.1.7 48.81 NOTE
r-devel-linux-x86_64-fedora-gcc 0.1.7 36.03 NOTE
r-devel-windows-x86_64-new-UL 0.1.7 24.00 77.00 101.00 NOTE
r-devel-windows-x86_64-new-TK 0.1.7 NOTE
r-devel-windows-x86_64-old 0.1.7 17.00 37.00 54.00 NOTE
r-patched-linux-x86_64 0.1.7 3.64 21.33 24.97 NOTE
r-patched-solaris-x86 0.1.7 56.10 NOTE
r-release-linux-x86_64 0.1.7 4.09 21.37 25.46 NOTE
r-release-macos-arm64 0.1.7 NOTE
r-release-macos-x86_64 0.1.7 NOTE
r-release-windows-ix86+x86_64 0.1.7 27.00 46.00 73.00 NOTE
r-oldrel-macos-x86_64 0.1.7 OK
r-oldrel-windows-ix86+x86_64 0.1.7 24.00 57.00 81.00 OK

Check Details

Version: 0.1.7
Check: LazyData
Result: NOTE
     'LazyData' is specified without a 'data' directory
Flavors: r-devel-linux-x86_64-debian-clang, r-devel-linux-x86_64-debian-gcc, r-devel-linux-x86_64-fedora-clang, r-devel-linux-x86_64-fedora-gcc, r-devel-windows-x86_64-new-UL, r-devel-windows-x86_64-new-TK, r-devel-windows-x86_64-old, r-patched-linux-x86_64, r-patched-solaris-x86, r-release-linux-x86_64, r-release-macos-arm64, r-release-macos-x86_64, r-release-windows-ix86+x86_64