CRAN Package Check Results for Package spBFA

Last updated on 2021-10-24 00:51:13 CEST.

Flavor Version Tinstall Tcheck Ttotal Status Flags
r-devel-linux-x86_64-debian-clang 1.1 219.63 85.51 305.14 OK
r-devel-linux-x86_64-debian-gcc 1.1 173.25 62.98 236.23 OK
r-devel-linux-x86_64-fedora-clang 1.1 487.99 NOTE
r-devel-linux-x86_64-fedora-gcc 1.1 433.03 OK
r-devel-windows-x86_64 1.1 312.00 84.00 396.00 OK
r-devel-windows-x86_64-gcc10-UCRT 1.1 OK
r-patched-linux-x86_64 1.1 206.65 80.80 287.45 OK
r-patched-solaris-x86 1.1 425.60 OK
r-release-linux-x86_64 1.1 215.27 80.28 295.55 OK
r-release-macos-arm64 1.1 NOTE
r-release-macos-x86_64 1.1 NOTE
r-release-windows-ix86+x86_64 1.1 417.00 152.00 569.00 NOTE
r-oldrel-macos-x86_64 1.1 NOTE
r-oldrel-windows-ix86+x86_64 1.1 593.00 145.00 738.00 NOTE

Check Details

Version: 1.1
Check: installed package size
Result: NOTE
     installed size is 11.9Mb
     sub-directories of 1Mb or more:
     data 2.3Mb
     libs 9.0Mb
Flavors: r-devel-linux-x86_64-fedora-clang, r-release-macos-arm64, r-release-macos-x86_64, r-release-windows-ix86+x86_64, r-oldrel-macos-x86_64, r-oldrel-windows-ix86+x86_64