CRAN Package Check Results for Package spDates

Last updated on 2021-10-26 01:00:07 CEST.

Flavor Version Tinstall Tcheck Ttotal Status Flags
r-devel-linux-x86_64-debian-clang 1.0 12.50 124.82 137.32 OK
r-devel-linux-x86_64-debian-gcc 1.0 10.35 92.39 102.74 OK
r-devel-linux-x86_64-fedora-clang 1.0 169.13 NOTE
r-devel-linux-x86_64-fedora-gcc 1.0 158.30 NOTE
r-devel-windows-x86_64 1.0 21.00 154.00 175.00 NOTE
r-devel-windows-x86_64-gcc10-UCRT 1.0 NOTE
r-patched-linux-x86_64 1.0 11.84 117.66 129.50 OK
r-patched-solaris-x86 1.0 243.20 NOTE
r-release-linux-x86_64 1.0 11.46 118.92 130.38 OK
r-release-macos-arm64 1.0 NOTE
r-release-macos-x86_64 1.0 NOTE
r-release-windows-ix86+x86_64 1.0 20.00 153.00 173.00 NOTE
r-oldrel-macos-x86_64 1.0 NOTE
r-oldrel-windows-ix86+x86_64 1.0 30.00 130.00 160.00 NOTE

Check Details

Version: 1.0
Check: installed package size
Result: NOTE
     installed size is 5.9Mb
     sub-directories of 1Mb or more:
     data 4.3Mb
     help 1.6Mb
Flavors: r-devel-linux-x86_64-fedora-clang, r-devel-windows-x86_64, r-patched-solaris-x86, r-release-macos-arm64, r-release-macos-x86_64, r-release-windows-ix86+x86_64, r-oldrel-macos-x86_64, r-oldrel-windows-ix86+x86_64

Version: 1.0
Check: data for non-ASCII characters
Result: NOTE
     Note: found 34 marked UTF-8 strings
Flavors: r-devel-linux-x86_64-fedora-clang, r-devel-linux-x86_64-fedora-gcc, r-devel-windows-x86_64-gcc10-UCRT, r-patched-solaris-x86, r-release-macos-arm64, r-release-macos-x86_64, r-oldrel-macos-x86_64