Last updated on 2023-09-23 00:54:07 CEST.
Flavor | Version | Tinstall | Tcheck | Ttotal | Status | Flags |
---|---|---|---|---|---|---|
r-devel-linux-x86_64-debian-clang | 0.4.3.8 | 257.62 | 398.35 | 655.97 | OK | |
r-devel-linux-x86_64-debian-gcc | 0.4.3.8 | 177.19 | 282.69 | 459.88 | OK | |
r-devel-linux-x86_64-fedora-clang | 0.4.3.8 | 695.65 | NOTE | |||
r-devel-linux-x86_64-fedora-gcc | 0.4.3.8 | 664.12 | OK | |||
r-devel-windows-x86_64 | 0.4.3.8 | 188.00 | 326.00 | 514.00 | NOTE | |
r-patched-linux-x86_64 | 0.4.3.8 | 275.19 | 374.78 | 649.97 | OK | |
r-release-linux-x86_64 | 0.4.3.8 | 257.23 | 377.39 | 634.62 | OK | |
r-release-macos-arm64 | 0.4.3.8 | 192.00 | NOTE | |||
r-release-macos-x86_64 | 0.4.3.8 | 396.00 | NOTE | |||
r-release-windows-x86_64 | 0.4.3.8 | 256.00 | 430.00 | 686.00 | NOTE | |
r-oldrel-macos-arm64 | 0.4.3.8 | 167.00 | NOTE | |||
r-oldrel-macos-x86_64 | 0.4.3.8 | 239.00 | NOTE | |||
r-oldrel-windows-x86_64 | 0.4.3.8 | 236.00 | 387.00 | 623.00 | NOTE |
Version: 0.4.3.8
Check: installed package size
Result: NOTE
installed size is 6.1Mb
sub-directories of 1Mb or more:
doc 1.1Mb
extdata 2.6Mb
Flavors: r-devel-linux-x86_64-fedora-clang, r-devel-windows-x86_64, r-release-macos-arm64, r-release-macos-x86_64, r-release-windows-x86_64, r-oldrel-macos-arm64, r-oldrel-macos-x86_64, r-oldrel-windows-x86_64