CRAN Package Check Results for Package spacesXYZ

Last updated on 2021-10-26 01:00:07 CEST.

Flavor Version Tinstall Tcheck Ttotal Status Flags
r-devel-linux-x86_64-debian-clang 1.1-1 3.60 44.77 48.37 OK
r-devel-linux-x86_64-debian-gcc 1.1-1 3.18 33.68 36.86 OK
r-devel-linux-x86_64-fedora-clang 1.1-1 69.60 NOTE
r-devel-linux-x86_64-fedora-gcc 1.1-1 60.23 OK
r-devel-windows-x86_64 1.1-1 7.00 53.00 60.00 OK
r-devel-windows-x86_64-gcc10-UCRT 1.1-1 OK
r-patched-linux-x86_64 1.1-1 4.26 44.08 48.34 OK
r-patched-solaris-x86 1.1-1 92.20 OK
r-release-linux-x86_64 1.1-1 3.58 43.12 46.70 OK
r-release-macos-arm64 1.1-1 OK
r-release-macos-x86_64 1.1-1 OK
r-release-windows-ix86+x86_64 1.1-1 6.00 69.00 75.00 OK
r-oldrel-macos-x86_64 1.1-1 OK
r-oldrel-windows-ix86+x86_64 1.1-1 8.00 70.00 78.00 OK

Check Details

Version: 1.1-1
Check: Rd cross-references
Result: NOTE
    Undeclared package ‘colorSpec’ in Rd xrefs
Flavor: r-devel-linux-x86_64-fedora-clang