CRAN Package Check Results for Package sparseLRMatrix

Last updated on 2021-10-16 00:49:31 CEST.

Flavor Version Tinstall Tcheck Ttotal Status Flags
r-devel-linux-x86_64-debian-clang 0.1.0 7.57 64.55 72.12 NOTE
r-devel-linux-x86_64-debian-gcc 0.1.0 5.75 51.53 57.28 NOTE
r-devel-linux-x86_64-fedora-clang 0.1.0 102.50 NOTE
r-devel-linux-x86_64-fedora-gcc 0.1.0 85.65 NOTE
r-devel-windows-x86_64 0.1.0 13.00 63.00 76.00 NOTE
r-devel-windows-x86_64-gcc10-UCRT 0.1.0 NOTE
r-patched-linux-x86_64 0.1.0 6.80 63.17 69.97 NOTE
r-patched-solaris-x86 0.1.0 132.50 NOTE
r-release-linux-x86_64 0.1.0 6.89 63.28 70.17 NOTE
r-release-macos-arm64 0.1.0 NOTE
r-release-macos-x86_64 0.1.0 NOTE
r-release-windows-ix86+x86_64 0.1.0 16.00 86.00 102.00 NOTE
r-oldrel-macos-x86_64 0.1.0 OK
r-oldrel-windows-ix86+x86_64 0.1.0 16.00 85.00 101.00 OK

Check Details

Version: 0.1.0
Check: LazyData
Result: NOTE
     'LazyData' is specified without a 'data' directory
Flavors: r-devel-linux-x86_64-debian-clang, r-devel-linux-x86_64-debian-gcc, r-devel-linux-x86_64-fedora-clang, r-devel-linux-x86_64-fedora-gcc, r-devel-windows-x86_64, r-devel-windows-x86_64-gcc10-UCRT, r-patched-linux-x86_64, r-patched-solaris-x86, r-release-linux-x86_64, r-release-macos-arm64, r-release-macos-x86_64, r-release-windows-ix86+x86_64